{"id":328719,"date":"2025-03-23T13:15:40","date_gmt":"2025-03-23T16:15:40","guid":{"rendered":"https:\/\/www.livrariarema.com.br\/loja\/produtos\/sem categoria\/catecismo-nova-cidade-para-criancas-tim-keller\/"},"modified":"2026-03-16T13:29:11","modified_gmt":"2026-03-16T16:29:11","slug":"catecismo-nova-cidade-para-criancas-tim-keller","status":"publish","type":"product","link":"https:\/\/www.livrariarema.com.br\/loja\/produtos\/livros\/educacao-crista\/catecismo-nova-cidade-para-criancas-tim-keller\/","title":{"rendered":"Catecismo Nova Cidade Para Crian\u00e7as &#8211; Tim Keller"},"content":{"rendered":"<p>52 Perguntas e Respostas curtas para ajudar as crian\u00e7as a compreenderem melhor sobre Deus, Humanidade, Pecado e Salva\u00e7\u00e3o.<\/p>\n","protected":false},"excerpt":{"rendered":"<p>52 Perguntas e Respostas curtas para ajudar as crian\u00e7as a compreenderem melhor sobre Deus, Humanidade, Pecado e Salva\u00e7\u00e3o.<\/p>\n","protected":false},"featured_media":346305,"comment_status":"open","ping_status":"closed","template":"","meta":[],"product_cat":[169,134],"product_tag":[],"_links":{"self":[{"href":"https:\/\/www.livrariarema.com.br\/loja\/wp-json\/wp\/v2\/product\/328719"}],"collection":[{"href":"https:\/\/www.livrariarema.com.br\/loja\/wp-json\/wp\/v2\/product"}],"about":[{"href":"https:\/\/www.livrariarema.com.br\/loja\/wp-json\/wp\/v2\/types\/product"}],"replies":[{"embeddable":true,"href":"https:\/\/www.livrariarema.com.br\/loja\/wp-json\/wp\/v2\/comments?post=328719"}],"wp:featuredmedia":[{"embeddable":true,"href":"https:\/\/www.livrariarema.com.br\/loja\/wp-json\/wp\/v2\/media\/346305"}],"wp:attachment":[{"href":"https:\/\/www.livrariarema.com.br\/loja\/wp-json\/wp\/v2\/media?parent=328719"}],"wp:term":[{"taxonomy":"product_cat","embeddable":true,"href":"https:\/\/www.livrariarema.com.br\/loja\/wp-json\/wp\/v2\/product_cat?post=328719"},{"taxonomy":"product_tag","embeddable":true,"href":"https:\/\/www.livrariarema.com.br\/loja\/wp-json\/wp\/v2\/product_tag?post=328719"}],"curies":[{"name":"wp","href":"https:\/\/api.w.org\/{rel}","templated":true}]}}