{"id":329093,"date":"2025-04-04T14:56:12","date_gmt":"2025-04-04T17:56:12","guid":{"rendered":"https:\/\/www.livrariarema.com.br\/loja\/produtos\/sem categoria\/lily-superando-seus-conflitos-berenice-machado-de-oliveira\/"},"modified":"2026-03-03T12:20:16","modified_gmt":"2026-03-03T15:20:16","slug":"lily-superando-seus-conflitos-berenice-machado-de-oliveira","status":"publish","type":"product","link":"https:\/\/www.livrariarema.com.br\/loja\/produtos\/livros\/infantil\/lily-superando-seus-conflitos-berenice-machado-de-oliveira\/","title":{"rendered":"Lily &#8211; Superando Seus Conflitos &#8211; Berenice Machado De Oliveira"},"content":{"rendered":"<p>Lily \u00e9 uma menina doce e inteligente, mas que enfrenta grandes desafios: lidar com a timidez, mudar de cidade e enfrentar o bullying na nova escola. A cada obst\u00e1culom Lily descobre que pode encontrar for\u00e7a em valores importantes, aprendidos com sua fam\u00edlia e em hist\u00f3rias b\u00edblicas. <br \/>\nCom o apoio de novos amigos e da f\u00e9, ela aprende a superar seus medos, construir sua autoconfian\u00e7a e enfrentar situa\u00e7\u00f5es dif\u00edceis com coragem e amor. Este livro traz uma mensagem inspiradora para crian\u00e7as, ensinando li\u00e7\u00f5es de empatia, perd\u00e3o e resili\u00eancia, aplic\u00e1veis ao dia a dia de qualquer crian\u00e7a.<\/p>\n","protected":false},"excerpt":{"rendered":"<p>Lily \u00e9 uma menina doce e inteligente, mas que enfrenta grandes desafios: lidar com a timidez, mudar de cidade e&hellip;<\/p>\n","protected":false},"featured_media":343791,"comment_status":"open","ping_status":"closed","template":"","meta":[],"product_cat":[144,134],"product_tag":[],"_links":{"self":[{"href":"https:\/\/www.livrariarema.com.br\/loja\/wp-json\/wp\/v2\/product\/329093"}],"collection":[{"href":"https:\/\/www.livrariarema.com.br\/loja\/wp-json\/wp\/v2\/product"}],"about":[{"href":"https:\/\/www.livrariarema.com.br\/loja\/wp-json\/wp\/v2\/types\/product"}],"replies":[{"embeddable":true,"href":"https:\/\/www.livrariarema.com.br\/loja\/wp-json\/wp\/v2\/comments?post=329093"}],"wp:featuredmedia":[{"embeddable":true,"href":"https:\/\/www.livrariarema.com.br\/loja\/wp-json\/wp\/v2\/media\/343791"}],"wp:attachment":[{"href":"https:\/\/www.livrariarema.com.br\/loja\/wp-json\/wp\/v2\/media?parent=329093"}],"wp:term":[{"taxonomy":"product_cat","embeddable":true,"href":"https:\/\/www.livrariarema.com.br\/loja\/wp-json\/wp\/v2\/product_cat?post=329093"},{"taxonomy":"product_tag","embeddable":true,"href":"https:\/\/www.livrariarema.com.br\/loja\/wp-json\/wp\/v2\/product_tag?post=329093"}],"curies":[{"name":"wp","href":"https:\/\/api.w.org\/{rel}","templated":true}]}}