{"id":329200,"date":"2025-04-07T13:12:07","date_gmt":"2025-04-07T16:12:07","guid":{"rendered":"https:\/\/www.livrariarema.com.br\/loja\/produtos\/sem categoria\/livro-de-banho-hora-divertida-veiculos\/"},"modified":"2026-01-16T10:30:43","modified_gmt":"2026-01-16T13:30:43","slug":"livro-de-banho-hora-divertida-veiculos","status":"publish","type":"product","link":"https:\/\/www.livrariarema.com.br\/loja\/produtos\/livros\/infantil\/livro-de-banho-hora-divertida-veiculos\/","title":{"rendered":"Livro De Banho &#8211; Hora Divertida &#8211; Ve\u00edculos"},"content":{"rendered":"<p>Conhe\u00e7a alguns ve\u00edculos e divirta-se com os brinquedos na hora do banho. Splash!<\/p>\n","protected":false},"excerpt":{"rendered":"<p>Conhe\u00e7a alguns ve\u00edculos e divirta-se com os brinquedos na hora do banho. Splash!<\/p>\n","protected":false},"featured_media":329309,"comment_status":"open","ping_status":"closed","template":"","meta":[],"product_cat":[144,134],"product_tag":[],"_links":{"self":[{"href":"https:\/\/www.livrariarema.com.br\/loja\/wp-json\/wp\/v2\/product\/329200"}],"collection":[{"href":"https:\/\/www.livrariarema.com.br\/loja\/wp-json\/wp\/v2\/product"}],"about":[{"href":"https:\/\/www.livrariarema.com.br\/loja\/wp-json\/wp\/v2\/types\/product"}],"replies":[{"embeddable":true,"href":"https:\/\/www.livrariarema.com.br\/loja\/wp-json\/wp\/v2\/comments?post=329200"}],"wp:featuredmedia":[{"embeddable":true,"href":"https:\/\/www.livrariarema.com.br\/loja\/wp-json\/wp\/v2\/media\/329309"}],"wp:attachment":[{"href":"https:\/\/www.livrariarema.com.br\/loja\/wp-json\/wp\/v2\/media?parent=329200"}],"wp:term":[{"taxonomy":"product_cat","embeddable":true,"href":"https:\/\/www.livrariarema.com.br\/loja\/wp-json\/wp\/v2\/product_cat?post=329200"},{"taxonomy":"product_tag","embeddable":true,"href":"https:\/\/www.livrariarema.com.br\/loja\/wp-json\/wp\/v2\/product_tag?post=329200"}],"curies":[{"name":"wp","href":"https:\/\/api.w.org\/{rel}","templated":true}]}}