{"id":329206,"date":"2025-04-07T13:12:21","date_gmt":"2025-04-07T16:12:21","guid":{"rendered":"https:\/\/www.livrariarema.com.br\/loja\/produtos\/sem categoria\/almofadado-veja-e-aprenda-minhas-primeiras-palavras-biblicas\/"},"modified":"2026-01-10T10:21:24","modified_gmt":"2026-01-10T13:21:24","slug":"almofadado-veja-e-aprenda-minhas-primeiras-palavras-biblicas","status":"publish","type":"product","link":"https:\/\/www.livrariarema.com.br\/loja\/produtos\/livros\/infantil\/almofadado-veja-e-aprenda-minhas-primeiras-palavras-biblicas\/","title":{"rendered":"Almofadado &#8211; Veja E Aprenda &#8211; Minhas Primeiras Palavras B\u00edblicas"},"content":{"rendered":"<p>Repleto de belas ilustra\u00e7\u00f5es, este livro apresenta v\u00e1rias palavras b\u00edblicas de hist\u00f3rias conhecidas para que as crian\u00e7as possam aprender e se divertir.<\/p>\n","protected":false},"excerpt":{"rendered":"<p>Repleto de belas ilustra\u00e7\u00f5es, este livro apresenta v\u00e1rias palavras b\u00edblicas de hist\u00f3rias conhecidas para que as crian\u00e7as possam aprender e&hellip;<\/p>\n","protected":false},"featured_media":335586,"comment_status":"open","ping_status":"closed","template":"","meta":[],"product_cat":[144,134],"product_tag":[],"_links":{"self":[{"href":"https:\/\/www.livrariarema.com.br\/loja\/wp-json\/wp\/v2\/product\/329206"}],"collection":[{"href":"https:\/\/www.livrariarema.com.br\/loja\/wp-json\/wp\/v2\/product"}],"about":[{"href":"https:\/\/www.livrariarema.com.br\/loja\/wp-json\/wp\/v2\/types\/product"}],"replies":[{"embeddable":true,"href":"https:\/\/www.livrariarema.com.br\/loja\/wp-json\/wp\/v2\/comments?post=329206"}],"wp:featuredmedia":[{"embeddable":true,"href":"https:\/\/www.livrariarema.com.br\/loja\/wp-json\/wp\/v2\/media\/335586"}],"wp:attachment":[{"href":"https:\/\/www.livrariarema.com.br\/loja\/wp-json\/wp\/v2\/media?parent=329206"}],"wp:term":[{"taxonomy":"product_cat","embeddable":true,"href":"https:\/\/www.livrariarema.com.br\/loja\/wp-json\/wp\/v2\/product_cat?post=329206"},{"taxonomy":"product_tag","embeddable":true,"href":"https:\/\/www.livrariarema.com.br\/loja\/wp-json\/wp\/v2\/product_tag?post=329206"}],"curies":[{"name":"wp","href":"https:\/\/api.w.org\/{rel}","templated":true}]}}