{"id":329208,"date":"2025-04-07T13:12:29","date_gmt":"2025-04-07T16:12:29","guid":{"rendered":"https:\/\/www.livrariarema.com.br\/loja\/produtos\/sem categoria\/almofadado-medio-minhas-queridas-historias-biblicas\/"},"modified":"2026-04-11T11:42:26","modified_gmt":"2026-04-11T14:42:26","slug":"almofadado-medio-minhas-queridas-historias-biblicas","status":"publish","type":"product","link":"https:\/\/www.livrariarema.com.br\/loja\/produtos\/livros\/infantil\/almofadado-medio-minhas-queridas-historias-biblicas\/","title":{"rendered":"Almofadado M\u00e9dio &#8211; Minhas Queridas Hist\u00f3rias B\u00edblicas"},"content":{"rendered":"<p>Leia as hist\u00f3rias b\u00edblicas mais conhecidas neste livro com belas rimas. Explore a encantadora capa especial; acompanhe Jesus, Jonas, No\u00e9 e outras pessoas muito importantes da B\u00edblia.<\/p>\n","protected":false},"excerpt":{"rendered":"<p>Leia as hist\u00f3rias b\u00edblicas mais conhecidas neste livro com belas rimas. Explore a encantadora capa especial; acompanhe Jesus, Jonas, No\u00e9&hellip;<\/p>\n","protected":false},"featured_media":329313,"comment_status":"open","ping_status":"closed","template":"","meta":[],"product_cat":[144,134],"product_tag":[],"_links":{"self":[{"href":"https:\/\/www.livrariarema.com.br\/loja\/wp-json\/wp\/v2\/product\/329208"}],"collection":[{"href":"https:\/\/www.livrariarema.com.br\/loja\/wp-json\/wp\/v2\/product"}],"about":[{"href":"https:\/\/www.livrariarema.com.br\/loja\/wp-json\/wp\/v2\/types\/product"}],"replies":[{"embeddable":true,"href":"https:\/\/www.livrariarema.com.br\/loja\/wp-json\/wp\/v2\/comments?post=329208"}],"wp:featuredmedia":[{"embeddable":true,"href":"https:\/\/www.livrariarema.com.br\/loja\/wp-json\/wp\/v2\/media\/329313"}],"wp:attachment":[{"href":"https:\/\/www.livrariarema.com.br\/loja\/wp-json\/wp\/v2\/media?parent=329208"}],"wp:term":[{"taxonomy":"product_cat","embeddable":true,"href":"https:\/\/www.livrariarema.com.br\/loja\/wp-json\/wp\/v2\/product_cat?post=329208"},{"taxonomy":"product_tag","embeddable":true,"href":"https:\/\/www.livrariarema.com.br\/loja\/wp-json\/wp\/v2\/product_tag?post=329208"}],"curies":[{"name":"wp","href":"https:\/\/api.w.org\/{rel}","templated":true}]}}