{"id":329431,"date":"2025-04-11T09:07:22","date_gmt":"2025-04-11T12:07:22","guid":{"rendered":"https:\/\/www.livrariarema.com.br\/loja\/produtos\/sem categoria\/jogo-grow-plus\/"},"modified":"2025-04-17T12:26:18","modified_gmt":"2025-04-17T15:26:18","slug":"jogo-grow-plus","status":"publish","type":"product","link":"https:\/\/www.livrariarema.com.br\/loja\/produtos\/brinquedos\/jogos-para-familia\/jogo-grow-plus\/","title":{"rendered":"Jogo &#8211; Grow &#8211; Plus"},"content":{"rendered":"<p>O jogo Plus! vai desafiar suas habilidades de SOMA e BLEFE para alcan\u00e7ar a vit\u00f3ria.<br \/>\nPara isso, voc\u00ea precisa pedir uma COR de cartas aos advers\u00e1rios e torcer para formar um conjunto que some 25.<br \/>\nMas prepare-se para imprevis\u00edvel, pois a CARTA CINZA pode chegar at\u00e9 voc\u00ea.<br \/>\nPor isso o BLEFE se torna uma estrat\u00e9gia t\u00e3o importante.<br \/>\nre\u00fana sua galera e some mais essa divers\u00e3o!<\/p>\n","protected":false},"excerpt":{"rendered":"<p>O jogo Plus! vai desafiar suas habilidades de SOMA e BLEFE para alcan\u00e7ar a vit\u00f3ria. Para isso, voc\u00ea precisa pedir&hellip;<\/p>\n","protected":false},"featured_media":329589,"comment_status":"open","ping_status":"closed","template":"","meta":[],"product_cat":[315,316],"product_tag":[],"_links":{"self":[{"href":"https:\/\/www.livrariarema.com.br\/loja\/wp-json\/wp\/v2\/product\/329431"}],"collection":[{"href":"https:\/\/www.livrariarema.com.br\/loja\/wp-json\/wp\/v2\/product"}],"about":[{"href":"https:\/\/www.livrariarema.com.br\/loja\/wp-json\/wp\/v2\/types\/product"}],"replies":[{"embeddable":true,"href":"https:\/\/www.livrariarema.com.br\/loja\/wp-json\/wp\/v2\/comments?post=329431"}],"wp:featuredmedia":[{"embeddable":true,"href":"https:\/\/www.livrariarema.com.br\/loja\/wp-json\/wp\/v2\/media\/329589"}],"wp:attachment":[{"href":"https:\/\/www.livrariarema.com.br\/loja\/wp-json\/wp\/v2\/media?parent=329431"}],"wp:term":[{"taxonomy":"product_cat","embeddable":true,"href":"https:\/\/www.livrariarema.com.br\/loja\/wp-json\/wp\/v2\/product_cat?post=329431"},{"taxonomy":"product_tag","embeddable":true,"href":"https:\/\/www.livrariarema.com.br\/loja\/wp-json\/wp\/v2\/product_tag?post=329431"}],"curies":[{"name":"wp","href":"https:\/\/api.w.org\/{rel}","templated":true}]}}