{"id":329448,"date":"2025-04-16T10:35:23","date_gmt":"2025-04-16T13:35:23","guid":{"rendered":"https:\/\/www.livrariarema.com.br\/loja\/produtos\/sem categoria\/minha-primeira-biblia-eternas-historias-biblicas-para-criancas\/"},"modified":"2026-04-09T17:34:02","modified_gmt":"2026-04-09T20:34:02","slug":"minha-primeira-biblia-eternas-historias-biblicas-para-criancas","status":"publish","type":"product","link":"https:\/\/www.livrariarema.com.br\/loja\/produtos\/livros\/infantil\/minha-primeira-biblia-eternas-historias-biblicas-para-criancas\/","title":{"rendered":"Minha Primeira B\u00edblia &#8211; Eternas Hist\u00f3rias B\u00edblicas Para Crian\u00e7as"},"content":{"rendered":"<p>Ideal para pequeninos com menos de 5 anos. Feita em material resistente, capa almofadada, uma pequena al\u00e7a e fecho para que a crian\u00e7ada possa levar a b\u00edblia aos cultos. Cont\u00e9m ilustra\u00e7\u00f5es bel\u00edssimas de Gustavo Mazali e hist\u00f3rias curtinhas, para ensinar as mais cativantes li\u00e7\u00f5es b\u00edblicas.<\/p>\n","protected":false},"excerpt":{"rendered":"<p>Ideal para pequeninos com menos de 5 anos. Feita em material resistente, capa almofadada, uma pequena al\u00e7a e fecho para&hellip;<\/p>\n","protected":false},"featured_media":329447,"comment_status":"open","ping_status":"closed","template":"","meta":[],"product_cat":[144,134],"product_tag":[],"_links":{"self":[{"href":"https:\/\/www.livrariarema.com.br\/loja\/wp-json\/wp\/v2\/product\/329448"}],"collection":[{"href":"https:\/\/www.livrariarema.com.br\/loja\/wp-json\/wp\/v2\/product"}],"about":[{"href":"https:\/\/www.livrariarema.com.br\/loja\/wp-json\/wp\/v2\/types\/product"}],"replies":[{"embeddable":true,"href":"https:\/\/www.livrariarema.com.br\/loja\/wp-json\/wp\/v2\/comments?post=329448"}],"wp:featuredmedia":[{"embeddable":true,"href":"https:\/\/www.livrariarema.com.br\/loja\/wp-json\/wp\/v2\/media\/329447"}],"wp:attachment":[{"href":"https:\/\/www.livrariarema.com.br\/loja\/wp-json\/wp\/v2\/media?parent=329448"}],"wp:term":[{"taxonomy":"product_cat","embeddable":true,"href":"https:\/\/www.livrariarema.com.br\/loja\/wp-json\/wp\/v2\/product_cat?post=329448"},{"taxonomy":"product_tag","embeddable":true,"href":"https:\/\/www.livrariarema.com.br\/loja\/wp-json\/wp\/v2\/product_tag?post=329448"}],"curies":[{"name":"wp","href":"https:\/\/api.w.org\/{rel}","templated":true}]}}