{"id":329528,"date":"2025-04-16T10:59:52","date_gmt":"2025-04-16T13:59:52","guid":{"rendered":"https:\/\/www.livrariarema.com.br\/loja\/produtos\/sem categoria\/arc065hlgilv-biblia-com-harpa-letra-gigante-floral-ramos-preta\/"},"modified":"2026-03-26T16:30:33","modified_gmt":"2026-03-26T19:30:33","slug":"arc065hlgilv-biblia-com-harpa-letra-gigante-floral-ramos-preta","status":"publish","type":"product","link":"https:\/\/www.livrariarema.com.br\/loja\/produtos\/biblias\/revista-corrigida-com-harpa\/arc065hlgilv-biblia-com-harpa-letra-gigante-floral-ramos-preta\/","title":{"rendered":"Arc065hlgilv &#8211; B\u00edblia Com Harpa &#8211; Letra Gigante &#8211; Floral Ramos Preta"},"content":{"rendered":"<p>Perfeita para sua medita\u00e7\u00e3o na Palavra de Deus e tamb\u00e9m, Palavras de Jesus em vermelho, um \u00f3timo presente para amigos e familiares.<\/p>\n<p>Neste exemplar voc\u00ea encontra:<br \/>\n-\u00cdndice dos Assuntos<br \/>\n-\u00cdndice de Autores e Tradutores<br \/>\n-\u00cdndice das Primeiras Linhas das Estrofes<br \/>\n-\u00cdndice das Primeiras Linhas dos Estribilhos<br \/>\n-Palavras de Jesus em Vermelho<br \/>\n-Harpa Crist\u00e3 letra dos 636 hinos<br \/>\n-Marcador de B\u00edblia<\/p>\n","protected":false},"excerpt":{"rendered":"<p>Perfeita para sua medita\u00e7\u00e3o na Palavra de Deus e tamb\u00e9m, Palavras de Jesus em vermelho, um \u00f3timo presente para amigos&hellip;<\/p>\n","protected":false},"featured_media":329527,"comment_status":"open","ping_status":"closed","template":"","meta":[],"product_cat":[139,151],"product_tag":[],"_links":{"self":[{"href":"https:\/\/www.livrariarema.com.br\/loja\/wp-json\/wp\/v2\/product\/329528"}],"collection":[{"href":"https:\/\/www.livrariarema.com.br\/loja\/wp-json\/wp\/v2\/product"}],"about":[{"href":"https:\/\/www.livrariarema.com.br\/loja\/wp-json\/wp\/v2\/types\/product"}],"replies":[{"embeddable":true,"href":"https:\/\/www.livrariarema.com.br\/loja\/wp-json\/wp\/v2\/comments?post=329528"}],"wp:featuredmedia":[{"embeddable":true,"href":"https:\/\/www.livrariarema.com.br\/loja\/wp-json\/wp\/v2\/media\/329527"}],"wp:attachment":[{"href":"https:\/\/www.livrariarema.com.br\/loja\/wp-json\/wp\/v2\/media?parent=329528"}],"wp:term":[{"taxonomy":"product_cat","embeddable":true,"href":"https:\/\/www.livrariarema.com.br\/loja\/wp-json\/wp\/v2\/product_cat?post=329528"},{"taxonomy":"product_tag","embeddable":true,"href":"https:\/\/www.livrariarema.com.br\/loja\/wp-json\/wp\/v2\/product_tag?post=329528"}],"curies":[{"name":"wp","href":"https:\/\/api.w.org\/{rel}","templated":true}]}}