{"id":329646,"date":"2025-04-25T09:43:14","date_gmt":"2025-04-25T12:43:14","guid":{"rendered":"https:\/\/www.livrariarema.com.br\/loja\/produtos\/sem categoria\/brinquedo-educativo-brincando-de-engenheiro-120-pecas\/"},"modified":"2026-04-08T16:58:54","modified_gmt":"2026-04-08T19:58:54","slug":"brinquedo-educativo-brincando-de-engenheiro-120-pecas","status":"publish","type":"product","link":"https:\/\/www.livrariarema.com.br\/loja\/produtos\/brinquedos\/brinquedos-educativos\/brinquedo-educativo-brincando-de-engenheiro-120-pecas\/","title":{"rendered":"Brinquedo Educativo &#8211; Brincando De Engenheiro &#8211; 120 Pe\u00e7as"},"content":{"rendered":"<p>Por que escolher o Bloco 120 Pe\u00e7as Castelo Brincando de Engenheiro:<\/p>\n<p>Constru\u00e7\u00e3o Criativa: Cada pe\u00e7a \u00e9 uma oportunidade para projetar e criar um castelo \u00fanico, aprimorando a intelig\u00eancia e a criatividade.<\/p>\n<p>Materiais Dur\u00e1veis: Feito com materiais de alta qualidade, este conjunto proporciona constru\u00e7\u00f5es robustas e duradouras para horas de divers\u00e3o.<\/p>\n<p>Aprendizado Divertido: Al\u00e9m de entretenimento, este conjunto promove habilidades de resolu\u00e7\u00e3o de problemas e desenvolvimento cognitivo enquanto as crian\u00e7as constroem.<\/p>\n<p>Adquira agora o Bloco 120 Pe\u00e7as Castelo Brincando de Engenheiro Xalingo 52798 e deixe as crian\u00e7as explorarem o emocionante mundo da constru\u00e7\u00e3o. Um presente que inspira a imagina\u00e7\u00e3o e ajuda a desenvolver habilidades essenciais.<\/p>\n","protected":false},"excerpt":{"rendered":"<p>Por que escolher o Bloco 120 Pe\u00e7as Castelo Brincando de Engenheiro: Constru\u00e7\u00e3o Criativa: Cada pe\u00e7a \u00e9 uma oportunidade para projetar&hellip;<\/p>\n","protected":false},"featured_media":329765,"comment_status":"open","ping_status":"closed","template":"","meta":[],"product_cat":[315,319],"product_tag":[],"_links":{"self":[{"href":"https:\/\/www.livrariarema.com.br\/loja\/wp-json\/wp\/v2\/product\/329646"}],"collection":[{"href":"https:\/\/www.livrariarema.com.br\/loja\/wp-json\/wp\/v2\/product"}],"about":[{"href":"https:\/\/www.livrariarema.com.br\/loja\/wp-json\/wp\/v2\/types\/product"}],"replies":[{"embeddable":true,"href":"https:\/\/www.livrariarema.com.br\/loja\/wp-json\/wp\/v2\/comments?post=329646"}],"wp:featuredmedia":[{"embeddable":true,"href":"https:\/\/www.livrariarema.com.br\/loja\/wp-json\/wp\/v2\/media\/329765"}],"wp:attachment":[{"href":"https:\/\/www.livrariarema.com.br\/loja\/wp-json\/wp\/v2\/media?parent=329646"}],"wp:term":[{"taxonomy":"product_cat","embeddable":true,"href":"https:\/\/www.livrariarema.com.br\/loja\/wp-json\/wp\/v2\/product_cat?post=329646"},{"taxonomy":"product_tag","embeddable":true,"href":"https:\/\/www.livrariarema.com.br\/loja\/wp-json\/wp\/v2\/product_tag?post=329646"}],"curies":[{"name":"wp","href":"https:\/\/api.w.org\/{rel}","templated":true}]}}