{"id":329662,"date":"2025-04-25T09:44:11","date_gmt":"2025-04-25T12:44:11","guid":{"rendered":"https:\/\/www.livrariarema.com.br\/loja\/produtos\/sem categoria\/brinquedo-educativo-descobrindo-o-alfabeto-78-pecas\/"},"modified":"2025-06-17T11:10:10","modified_gmt":"2025-06-17T14:10:10","slug":"brinquedo-educativo-descobrindo-o-alfabeto-78-pecas","status":"publish","type":"product","link":"https:\/\/www.livrariarema.com.br\/loja\/produtos\/brinquedos\/brinquedos-educativos\/brinquedo-educativo-descobrindo-o-alfabeto-78-pecas\/","title":{"rendered":"Brinquedo Educativo &#8211; Descobrindo O Alfabeto &#8211; 78 Pe\u00e7as"},"content":{"rendered":"<p>+4 anos<br \/>\nCom 78 pe\u00e7as<br \/>\nEstimula o racioc\u00ednio<br \/>\nAumenta a concentra\u00e7\u00e3o<\/p>\n","protected":false},"excerpt":{"rendered":"<p>+4 anos Com 78 pe\u00e7as Estimula o racioc\u00ednio Aumenta a concentra\u00e7\u00e3o<\/p>\n","protected":false},"featured_media":329774,"comment_status":"open","ping_status":"closed","template":"","meta":[],"product_cat":[315,319],"product_tag":[],"_links":{"self":[{"href":"https:\/\/www.livrariarema.com.br\/loja\/wp-json\/wp\/v2\/product\/329662"}],"collection":[{"href":"https:\/\/www.livrariarema.com.br\/loja\/wp-json\/wp\/v2\/product"}],"about":[{"href":"https:\/\/www.livrariarema.com.br\/loja\/wp-json\/wp\/v2\/types\/product"}],"replies":[{"embeddable":true,"href":"https:\/\/www.livrariarema.com.br\/loja\/wp-json\/wp\/v2\/comments?post=329662"}],"wp:featuredmedia":[{"embeddable":true,"href":"https:\/\/www.livrariarema.com.br\/loja\/wp-json\/wp\/v2\/media\/329774"}],"wp:attachment":[{"href":"https:\/\/www.livrariarema.com.br\/loja\/wp-json\/wp\/v2\/media?parent=329662"}],"wp:term":[{"taxonomy":"product_cat","embeddable":true,"href":"https:\/\/www.livrariarema.com.br\/loja\/wp-json\/wp\/v2\/product_cat?post=329662"},{"taxonomy":"product_tag","embeddable":true,"href":"https:\/\/www.livrariarema.com.br\/loja\/wp-json\/wp\/v2\/product_tag?post=329662"}],"curies":[{"name":"wp","href":"https:\/\/api.w.org\/{rel}","templated":true}]}}