{"id":329735,"date":"2025-04-25T14:01:32","date_gmt":"2025-04-25T17:01:32","guid":{"rendered":"https:\/\/www.livrariarema.com.br\/loja\/produtos\/sem categoria\/se-o-dia-nao-estiver-sorrindo-tatielle-katluryn\/"},"modified":"2026-03-13T13:31:49","modified_gmt":"2026-03-13T16:31:49","slug":"se-o-dia-nao-estiver-sorrindo-tatielle-katluryn","status":"publish","type":"product","link":"https:\/\/www.livrariarema.com.br\/loja\/produtos\/livros\/ficcao\/se-o-dia-nao-estiver-sorrindo-tatielle-katluryn\/","title":{"rendered":"Se O Dia N\u00e3o Estiver Sorrindo &#8211; Tatielle Katluryn"},"content":{"rendered":"<p>Com um enredo recheado de emo\u00e7\u00f5es intensas, inseguran\u00e7as, traumas e momentos de reden\u00e7\u00e3o, Se o dia n\u00e3o estiver sorrindo vai tocar seu cora\u00e7\u00e3o de maneira profunda e inesquec\u00edvel. <\/p>\n<p>As cicatrizes da protagonista Mackenzie Jones e a luta de Baek Fletcher s\u00e3o reais e envolvem o leitor numa montanha-russa de sentimentos, mostrando que, mesmo nos dias mais dif\u00edceis, o amor e a f\u00e9 resistem.<\/p>\n<p>Este livro \u00e9 para quem acredita que a verdadeira restaura\u00e7\u00e3o vem quando nos permitimos ser vulner\u00e1veis e nos entregamos \u00e0 for\u00e7a que vem do alto. A hist\u00f3ria de Macky e Baek traz uma mensagem poderosa: o dia pode n\u00e3o estar sorrindo, mas voc\u00ea continua sendo amado.<\/p>\n","protected":false},"excerpt":{"rendered":"<p>Com um enredo recheado de emo\u00e7\u00f5es intensas, inseguran\u00e7as, traumas e momentos de reden\u00e7\u00e3o, Se o dia n\u00e3o estiver sorrindo vai&hellip;<\/p>\n","protected":false},"featured_media":329734,"comment_status":"open","ping_status":"closed","template":"","meta":[],"product_cat":[162,134],"product_tag":[],"_links":{"self":[{"href":"https:\/\/www.livrariarema.com.br\/loja\/wp-json\/wp\/v2\/product\/329735"}],"collection":[{"href":"https:\/\/www.livrariarema.com.br\/loja\/wp-json\/wp\/v2\/product"}],"about":[{"href":"https:\/\/www.livrariarema.com.br\/loja\/wp-json\/wp\/v2\/types\/product"}],"replies":[{"embeddable":true,"href":"https:\/\/www.livrariarema.com.br\/loja\/wp-json\/wp\/v2\/comments?post=329735"}],"wp:featuredmedia":[{"embeddable":true,"href":"https:\/\/www.livrariarema.com.br\/loja\/wp-json\/wp\/v2\/media\/329734"}],"wp:attachment":[{"href":"https:\/\/www.livrariarema.com.br\/loja\/wp-json\/wp\/v2\/media?parent=329735"}],"wp:term":[{"taxonomy":"product_cat","embeddable":true,"href":"https:\/\/www.livrariarema.com.br\/loja\/wp-json\/wp\/v2\/product_cat?post=329735"},{"taxonomy":"product_tag","embeddable":true,"href":"https:\/\/www.livrariarema.com.br\/loja\/wp-json\/wp\/v2\/product_tag?post=329735"}],"curies":[{"name":"wp","href":"https:\/\/api.w.org\/{rel}","templated":true}]}}