{"id":329902,"date":"2025-04-30T13:07:16","date_gmt":"2025-04-30T16:07:16","guid":{"rendered":"https:\/\/www.livrariarema.com.br\/loja\/produtos\/sem categoria\/album-do-bebe-palavra\/"},"modified":"2025-05-23T15:44:50","modified_gmt":"2025-05-23T18:44:50","slug":"album-do-bebe-palavra","status":"publish","type":"product","link":"https:\/\/www.livrariarema.com.br\/loja\/produtos\/papelaria\/album-de-fotos-diario-do-bebe\/album-do-bebe-palavra\/","title":{"rendered":"\u00c1lbum Do Beb\u00ea &#8211; Palavra"},"content":{"rendered":"<p>Capa dura, encaderna\u00e7\u00e3o wire-o e capa pl\u00e1stica para proteger este \u00e1lbum, que ser\u00e1 uma linda recorda\u00e7\u00e3o para toda vida! Miolo formato 23 cm (largura) x 21 cm de (altura), papel offset 240 g\/m2 (encorpado) com folhas coloridas (frente e verso),<br \/>\nConte\u00fado: Voc\u00ea ter\u00e1 espa\u00e7o para registrar a gravidez, como foi na maternidade, o dia do nascimento, a \u00e1rvore geneal\u00f3gica, a chegada em casa, o quartinho, a primeira mamada, o banho, os brinquedos preferidos, registros de sa\u00fade, \u00e1rea para fotos fazendo tchauzinho, dando beijinho, rindo, chorando, os primeiros 12 meses de vida e todos os aprendizados do nen\u00ea m\u00eas a m\u00eas, foto final da fam\u00edlia e cartinha especial com mensagem de amor dos pais para a crian\u00e7a. Acompanha capa protetora transparente. Embalagem em caixa de papel Kraft e tampa em acetato. Medidas: 30 cm x 27 cm x 3 cm, fechamento com tag adesiva com mensagem.<\/p>\n","protected":false},"excerpt":{"rendered":"<p>Capa dura, encaderna\u00e7\u00e3o wire-o e capa pl\u00e1stica para proteger este \u00e1lbum, que ser\u00e1 uma linda recorda\u00e7\u00e3o para toda vida! Miolo&hellip;<\/p>\n","protected":false},"featured_media":330494,"comment_status":"open","ping_status":"closed","template":"","meta":[],"product_cat":[217,215],"product_tag":[],"_links":{"self":[{"href":"https:\/\/www.livrariarema.com.br\/loja\/wp-json\/wp\/v2\/product\/329902"}],"collection":[{"href":"https:\/\/www.livrariarema.com.br\/loja\/wp-json\/wp\/v2\/product"}],"about":[{"href":"https:\/\/www.livrariarema.com.br\/loja\/wp-json\/wp\/v2\/types\/product"}],"replies":[{"embeddable":true,"href":"https:\/\/www.livrariarema.com.br\/loja\/wp-json\/wp\/v2\/comments?post=329902"}],"wp:featuredmedia":[{"embeddable":true,"href":"https:\/\/www.livrariarema.com.br\/loja\/wp-json\/wp\/v2\/media\/330494"}],"wp:attachment":[{"href":"https:\/\/www.livrariarema.com.br\/loja\/wp-json\/wp\/v2\/media?parent=329902"}],"wp:term":[{"taxonomy":"product_cat","embeddable":true,"href":"https:\/\/www.livrariarema.com.br\/loja\/wp-json\/wp\/v2\/product_cat?post=329902"},{"taxonomy":"product_tag","embeddable":true,"href":"https:\/\/www.livrariarema.com.br\/loja\/wp-json\/wp\/v2\/product_tag?post=329902"}],"curies":[{"name":"wp","href":"https:\/\/api.w.org\/{rel}","templated":true}]}}

Álbum Do Bebê &#8211; Palavra

<p>Capa dura, encadernação wire-o e capa plástica para proteger este álbum, que será uma linda recordação para toda vida! Miolo formato 23 cm (largura) x 21 cm de (altura), papel offset 240 g/m2 (encorpado) com folhas coloridas (frente e verso),<br />
Conteúdo: Você terá espaço para registrar a gravidez, como foi na maternidade, o dia do nascimento, a árvore genealógica, a chegada em casa, o quartinho, a primeira mamada, o banho, os brinquedos preferidos, registros de saúde, área para fotos fazendo tchauzinho, dando beijinho, rindo, chorando, os primeiros 12 meses de vida e todos os aprendizados do nenê mês a mês, foto final da família e cartinha especial com mensagem de amor dos pais para a criança. Acompanha capa protetora transparente. Embalagem em caixa de papel Kraft e tampa em acetato. Medidas: 30 cm x 27 cm x 3 cm, fechamento com tag adesiva com mensagem.</p>

<p>Capa dura, encadernação wire-o e capa plástica para proteger este álbum, que será uma linda recordação para toda vida! Miolo&hellip;</p>
