{"id":330205,"date":"2025-05-03T10:13:52","date_gmt":"2025-05-03T13:13:52","guid":{"rendered":"https:\/\/www.livrariarema.com.br\/loja\/produtos\/sem categoria\/na63m-biblia-letra-normal-capa-dura-rosa\/"},"modified":"2025-12-18T15:50:48","modified_gmt":"2025-12-18T18:50:48","slug":"na63m-biblia-letra-normal-capa-dura-rosa","status":"publish","type":"product","link":"https:\/\/www.livrariarema.com.br\/loja\/produtos\/biblias\/nova-almeida-atualizada\/na63m-biblia-letra-normal-capa-dura-rosa\/","title":{"rendered":"Na63m &#8211; B\u00edblia &#8211; Letra Normal &#8211; Capa Dura &#8211; Rosa"},"content":{"rendered":"<p>Essa edi\u00e7\u00e3o da B\u00edblia Sagrada cont\u00e9m texto b\u00edblico na tradu\u00e7\u00e3o Nova Almeida Atualizada, capa dura minimalista.<\/p>\n","protected":false},"excerpt":{"rendered":"<p>Essa edi\u00e7\u00e3o da B\u00edblia Sagrada cont\u00e9m texto b\u00edblico na tradu\u00e7\u00e3o Nova Almeida Atualizada, capa dura minimalista.<\/p>\n","protected":false},"featured_media":338449,"comment_status":"open","ping_status":"closed","template":"","meta":[],"product_cat":[139,174],"product_tag":[],"_links":{"self":[{"href":"https:\/\/www.livrariarema.com.br\/loja\/wp-json\/wp\/v2\/product\/330205"}],"collection":[{"href":"https:\/\/www.livrariarema.com.br\/loja\/wp-json\/wp\/v2\/product"}],"about":[{"href":"https:\/\/www.livrariarema.com.br\/loja\/wp-json\/wp\/v2\/types\/product"}],"replies":[{"embeddable":true,"href":"https:\/\/www.livrariarema.com.br\/loja\/wp-json\/wp\/v2\/comments?post=330205"}],"wp:featuredmedia":[{"embeddable":true,"href":"https:\/\/www.livrariarema.com.br\/loja\/wp-json\/wp\/v2\/media\/338449"}],"wp:attachment":[{"href":"https:\/\/www.livrariarema.com.br\/loja\/wp-json\/wp\/v2\/media?parent=330205"}],"wp:term":[{"taxonomy":"product_cat","embeddable":true,"href":"https:\/\/www.livrariarema.com.br\/loja\/wp-json\/wp\/v2\/product_cat?post=330205"},{"taxonomy":"product_tag","embeddable":true,"href":"https:\/\/www.livrariarema.com.br\/loja\/wp-json\/wp\/v2\/product_tag?post=330205"}],"curies":[{"name":"wp","href":"https:\/\/api.w.org\/{rel}","templated":true}]}}