{"id":330211,"date":"2025-05-03T10:14:06","date_gmt":"2025-05-03T13:14:06","guid":{"rendered":"https:\/\/www.livrariarema.com.br\/loja\/produtos\/sem categoria\/ntlh063byv-biblia-sagrada-youversion-capa-dura-gaivota\/"},"modified":"2025-09-17T13:45:09","modified_gmt":"2025-09-17T16:45:09","slug":"ntlh063byv-biblia-sagrada-youversion-capa-dura-gaivota","status":"publish","type":"product","link":"https:\/\/www.livrariarema.com.br\/loja\/produtos\/biblias\/ntlh\/ntlh063byv-biblia-sagrada-youversion-capa-dura-gaivota\/","title":{"rendered":"Ntlh063byv &#8211; B\u00edblia Sagrada Youversion &#8211; Capa Dura &#8211; Gaivota"},"content":{"rendered":"<p>Muitas pessoas t\u00eam o desejo de aprender mais sobre os ensinamentos sagrados, mas esbarram em uma dificuldade: qual \u00e9 a melhor forma de ler todo o seu conte\u00fado? Por meio de elementos visuais e interativos, e de recursos especiais, a B\u00edblia YouVersion tem o objetivo de estimular o contato profundo com as Escrituras, possibilitando que os benef\u00edcios trazidos pela Palavra de Deus possam alcan\u00e7ar ainda mais pessoas.<\/p>\n","protected":false},"excerpt":{"rendered":"<p>Muitas pessoas t\u00eam o desejo de aprender mais sobre os ensinamentos sagrados, mas esbarram em uma dificuldade: qual \u00e9 a&hellip;<\/p>\n","protected":false},"featured_media":337123,"comment_status":"open","ping_status":"closed","template":"","meta":[],"product_cat":[139,188],"product_tag":[],"_links":{"self":[{"href":"https:\/\/www.livrariarema.com.br\/loja\/wp-json\/wp\/v2\/product\/330211"}],"collection":[{"href":"https:\/\/www.livrariarema.com.br\/loja\/wp-json\/wp\/v2\/product"}],"about":[{"href":"https:\/\/www.livrariarema.com.br\/loja\/wp-json\/wp\/v2\/types\/product"}],"replies":[{"embeddable":true,"href":"https:\/\/www.livrariarema.com.br\/loja\/wp-json\/wp\/v2\/comments?post=330211"}],"wp:featuredmedia":[{"embeddable":true,"href":"https:\/\/www.livrariarema.com.br\/loja\/wp-json\/wp\/v2\/media\/337123"}],"wp:attachment":[{"href":"https:\/\/www.livrariarema.com.br\/loja\/wp-json\/wp\/v2\/media?parent=330211"}],"wp:term":[{"taxonomy":"product_cat","embeddable":true,"href":"https:\/\/www.livrariarema.com.br\/loja\/wp-json\/wp\/v2\/product_cat?post=330211"},{"taxonomy":"product_tag","embeddable":true,"href":"https:\/\/www.livrariarema.com.br\/loja\/wp-json\/wp\/v2\/product_tag?post=330211"}],"curies":[{"name":"wp","href":"https:\/\/api.w.org\/{rel}","templated":true}]}}