{"id":330354,"date":"2025-05-03T10:51:42","date_gmt":"2025-05-03T13:51:42","guid":{"rendered":"https:\/\/www.livrariarema.com.br\/loja\/produtos\/sem categoria\/domino-mdf-metades-28-pecas\/"},"modified":"2025-05-08T15:50:20","modified_gmt":"2025-05-08T18:50:20","slug":"domino-mdf-metades-28-pecas","status":"publish","type":"product","link":"https:\/\/www.livrariarema.com.br\/loja\/produtos\/brinquedos\/domino\/domino-mdf-metades-28-pecas\/","title":{"rendered":"Domin\u00f3 &#8211; Mdf &#8211; Metades &#8211; 28 Pe\u00e7as"},"content":{"rendered":"<p>Um jogo que traz um interessante desafio, encontrar a metade que est\u00e1 faltando. Estimula a percep\u00e7\u00e3o visual e a capacidade de observa\u00e7\u00e3o.<\/p>\n","protected":false},"excerpt":{"rendered":"<p>Um jogo que traz um interessante desafio, encontrar a metade que est\u00e1 faltando. Estimula a percep\u00e7\u00e3o visual e a capacidade&hellip;<\/p>\n","protected":false},"featured_media":330353,"comment_status":"open","ping_status":"closed","template":"","meta":[],"product_cat":[315,318],"product_tag":[],"_links":{"self":[{"href":"https:\/\/www.livrariarema.com.br\/loja\/wp-json\/wp\/v2\/product\/330354"}],"collection":[{"href":"https:\/\/www.livrariarema.com.br\/loja\/wp-json\/wp\/v2\/product"}],"about":[{"href":"https:\/\/www.livrariarema.com.br\/loja\/wp-json\/wp\/v2\/types\/product"}],"replies":[{"embeddable":true,"href":"https:\/\/www.livrariarema.com.br\/loja\/wp-json\/wp\/v2\/comments?post=330354"}],"wp:featuredmedia":[{"embeddable":true,"href":"https:\/\/www.livrariarema.com.br\/loja\/wp-json\/wp\/v2\/media\/330353"}],"wp:attachment":[{"href":"https:\/\/www.livrariarema.com.br\/loja\/wp-json\/wp\/v2\/media?parent=330354"}],"wp:term":[{"taxonomy":"product_cat","embeddable":true,"href":"https:\/\/www.livrariarema.com.br\/loja\/wp-json\/wp\/v2\/product_cat?post=330354"},{"taxonomy":"product_tag","embeddable":true,"href":"https:\/\/www.livrariarema.com.br\/loja\/wp-json\/wp\/v2\/product_tag?post=330354"}],"curies":[{"name":"wp","href":"https:\/\/api.w.org\/{rel}","templated":true}]}}