{"id":330358,"date":"2025-05-03T10:51:56","date_gmt":"2025-05-03T13:51:56","guid":{"rendered":"https:\/\/www.livrariarema.com.br\/loja\/produtos\/sem categoria\/domino-mdf-meios-de-transporte-28-pecas\/"},"modified":"2025-05-03T10:51:56","modified_gmt":"2025-05-03T13:51:56","slug":"domino-mdf-meios-de-transporte-28-pecas","status":"publish","type":"product","link":"https:\/\/www.livrariarema.com.br\/loja\/produtos\/brinquedos\/domino\/domino-mdf-meios-de-transporte-28-pecas\/","title":{"rendered":"Domin\u00f3 &#8211; Mdf &#8211; Meios De Transporte &#8211; 28 Pe\u00e7as"},"content":{"rendered":"<p>As crian\u00e7as v\u00e3o se divertir aprendendo sobre os meios de transportes. Um jogo que estimula a percep\u00e7\u00e3o visual e a capacidade de observa\u00e7\u00e3o. Pode ser explorado por crian\u00e7as pequenas com a ajuda de adultos, e ou crian\u00e7as maiores jogando como um domin\u00f3 convencional.<\/p>\n","protected":false},"excerpt":{"rendered":"<p>As crian\u00e7as v\u00e3o se divertir aprendendo sobre os meios de transportes. Um jogo que estimula a percep\u00e7\u00e3o visual e a&hellip;<\/p>\n","protected":false},"featured_media":330357,"comment_status":"open","ping_status":"closed","template":"","meta":[],"product_cat":[315,318],"product_tag":[],"_links":{"self":[{"href":"https:\/\/www.livrariarema.com.br\/loja\/wp-json\/wp\/v2\/product\/330358"}],"collection":[{"href":"https:\/\/www.livrariarema.com.br\/loja\/wp-json\/wp\/v2\/product"}],"about":[{"href":"https:\/\/www.livrariarema.com.br\/loja\/wp-json\/wp\/v2\/types\/product"}],"replies":[{"embeddable":true,"href":"https:\/\/www.livrariarema.com.br\/loja\/wp-json\/wp\/v2\/comments?post=330358"}],"wp:featuredmedia":[{"embeddable":true,"href":"https:\/\/www.livrariarema.com.br\/loja\/wp-json\/wp\/v2\/media\/330357"}],"wp:attachment":[{"href":"https:\/\/www.livrariarema.com.br\/loja\/wp-json\/wp\/v2\/media?parent=330358"}],"wp:term":[{"taxonomy":"product_cat","embeddable":true,"href":"https:\/\/www.livrariarema.com.br\/loja\/wp-json\/wp\/v2\/product_cat?post=330358"},{"taxonomy":"product_tag","embeddable":true,"href":"https:\/\/www.livrariarema.com.br\/loja\/wp-json\/wp\/v2\/product_tag?post=330358"}],"curies":[{"name":"wp","href":"https:\/\/api.w.org\/{rel}","templated":true}]}}