{"id":330604,"date":"2025-05-06T17:12:13","date_gmt":"2025-05-06T20:12:13","guid":{"rendered":"https:\/\/www.livrariarema.com.br\/loja\/produtos\/sem%20categoria\/trilogia-logos-vol-2-os-pardais-do-velho-mundo-gabriela-fernandes\/"},"modified":"2026-02-07T11:21:00","modified_gmt":"2026-02-07T14:21:00","slug":"trilogia-logos-vol-2-os-pardais-do-velho-mundo-gabriela-fernandes","status":"publish","type":"product","link":"https:\/\/www.livrariarema.com.br\/loja\/produtos\/livros\/juvenil\/trilogia-logos-vol-2-os-pardais-do-velho-mundo-gabriela-fernandes\/","title":{"rendered":"Trilogia Logos &#8211; Vol. 2 &#8211; Os Pardais Do Velho Mundo &#8211; Gabriela Fernandes"},"content":{"rendered":"<p>No cora\u00e7\u00e3o de uma guerra que consome o planeta, a busca por um segredo esquecido pode mudar tudo. Entre fugas arriscadas, batalhas navais e dilemas morais, Os Pardais do Velho Mundo mergulha mais fundo na mitologia e na a\u00e7\u00e3o iniciadas no primeiro volume, conduzindo os leitores a um ponto sem retorno.<\/p>\n<p>Depois dos eventos que os for\u00e7aram a fugir do Continente Baixo, Kelaya e Zion precisam encontrar um novo rumo. A bordo da nave Stella, eles seguem para Efes, um dos \u00faltimos ref\u00fagios de um mundo em ru\u00ednas. Mas o caminho at\u00e9 l\u00e1 ser\u00e1 repleto de desafios: um inimigo implac\u00e1vel persegue seus rastros, segredos h\u00e1 muito enterrados come\u00e7am a emergir e uma guerra silenciosa amea\u00e7a explodir a qualquer instante.<\/p>\n<p>Para Kelaya, a descoberta do Logos n\u00e3o \u00e9 apenas uma miss\u00e3o &#8211; \u00e9 um chamado. Mas espalhar essa verdade pode custar muito mais do que ela imagina.<\/p>\n<p>Para Zion, a luta sempre foi uma quest\u00e3o de sobreviv\u00eancia, mas agora n\u00e3o se trata apenas de viver ou morrer. Perseguido por fantasmas do passado e for\u00e7ado a encarar verdades que tentou esquecer, ele precisa decidir at\u00e9 onde est\u00e1 disposto a ir para proteger aqueles que ama &#8211; e se ainda pode confiar em si mesmo para fazer a escolha certa.&#8221;<\/p>\n","protected":false},"excerpt":{"rendered":"<p>No cora\u00e7\u00e3o de uma guerra que consome o planeta, a busca por um segredo esquecido pode mudar tudo. Entre fugas&hellip;<\/p>\n","protected":false},"featured_media":343092,"comment_status":"open","ping_status":"closed","template":"","meta":[],"product_cat":[184,134],"product_tag":[],"_links":{"self":[{"href":"https:\/\/www.livrariarema.com.br\/loja\/wp-json\/wp\/v2\/product\/330604"}],"collection":[{"href":"https:\/\/www.livrariarema.com.br\/loja\/wp-json\/wp\/v2\/product"}],"about":[{"href":"https:\/\/www.livrariarema.com.br\/loja\/wp-json\/wp\/v2\/types\/product"}],"replies":[{"embeddable":true,"href":"https:\/\/www.livrariarema.com.br\/loja\/wp-json\/wp\/v2\/comments?post=330604"}],"wp:featuredmedia":[{"embeddable":true,"href":"https:\/\/www.livrariarema.com.br\/loja\/wp-json\/wp\/v2\/media\/343092"}],"wp:attachment":[{"href":"https:\/\/www.livrariarema.com.br\/loja\/wp-json\/wp\/v2\/media?parent=330604"}],"wp:term":[{"taxonomy":"product_cat","embeddable":true,"href":"https:\/\/www.livrariarema.com.br\/loja\/wp-json\/wp\/v2\/product_cat?post=330604"},{"taxonomy":"product_tag","embeddable":true,"href":"https:\/\/www.livrariarema.com.br\/loja\/wp-json\/wp\/v2\/product_tag?post=330604"}],"curies":[{"name":"wp","href":"https:\/\/api.w.org\/{rel}","templated":true}]}}