{"id":330930,"date":"2025-05-12T11:42:31","date_gmt":"2025-05-12T14:42:31","guid":{"rendered":"https:\/\/www.livrariarema.com.br\/loja\/produtos\/sem categoria\/xadrez-e-dama-pais-filhos\/"},"modified":"2025-12-24T11:21:43","modified_gmt":"2025-12-24T14:21:43","slug":"xadrez-e-dama-pais-filhos","status":"publish","type":"product","link":"https:\/\/www.livrariarema.com.br\/loja\/produtos\/brinquedos\/jogos-para-familia\/xadrez-e-dama-pais-filhos\/","title":{"rendered":"Xadrez E Dama &#8211; Pais &amp; Filhos"},"content":{"rendered":"<p>32 Pe\u00e7as Pl\u00e1sticas Xadrez, 24 Pe\u00e7as Pl\u00e1sticas Dama, 1 Tabuleiro, 1 Regra<\/p>\n","protected":false},"excerpt":{"rendered":"<p>32 Pe\u00e7as Pl\u00e1sticas Xadrez, 24 Pe\u00e7as Pl\u00e1sticas Dama, 1 Tabuleiro, 1 Regra<\/p>\n","protected":false},"featured_media":331006,"comment_status":"open","ping_status":"closed","template":"","meta":[],"product_cat":[315,316],"product_tag":[],"_links":{"self":[{"href":"https:\/\/www.livrariarema.com.br\/loja\/wp-json\/wp\/v2\/product\/330930"}],"collection":[{"href":"https:\/\/www.livrariarema.com.br\/loja\/wp-json\/wp\/v2\/product"}],"about":[{"href":"https:\/\/www.livrariarema.com.br\/loja\/wp-json\/wp\/v2\/types\/product"}],"replies":[{"embeddable":true,"href":"https:\/\/www.livrariarema.com.br\/loja\/wp-json\/wp\/v2\/comments?post=330930"}],"wp:featuredmedia":[{"embeddable":true,"href":"https:\/\/www.livrariarema.com.br\/loja\/wp-json\/wp\/v2\/media\/331006"}],"wp:attachment":[{"href":"https:\/\/www.livrariarema.com.br\/loja\/wp-json\/wp\/v2\/media?parent=330930"}],"wp:term":[{"taxonomy":"product_cat","embeddable":true,"href":"https:\/\/www.livrariarema.com.br\/loja\/wp-json\/wp\/v2\/product_cat?post=330930"},{"taxonomy":"product_tag","embeddable":true,"href":"https:\/\/www.livrariarema.com.br\/loja\/wp-json\/wp\/v2\/product_tag?post=330930"}],"curies":[{"name":"wp","href":"https:\/\/api.w.org\/{rel}","templated":true}]}}