{"id":331149,"date":"2025-05-15T13:04:34","date_gmt":"2025-05-15T16:04:34","guid":{"rendered":"https:\/\/www.livrariarema.com.br\/loja\/produtos\/sem categoria\/criar-filhos-nao-e-brincadeira-alta-mae-erb\/"},"modified":"2025-07-16T09:54:53","modified_gmt":"2025-07-16T12:54:53","slug":"criar-filhos-nao-e-brincadeira-alta-mae-erb","status":"publish","type":"product","link":"https:\/\/www.livrariarema.com.br\/loja\/produtos\/livros\/educacao-crista\/criar-filhos-nao-e-brincadeira-alta-mae-erb\/","title":{"rendered":"Criar Filhos N\u00e3o \u00c9 Brincadeira &#8211; Alta Mae Erb"},"content":{"rendered":"<p>Princ\u00edpios que auxiliam os pais na educa\u00e7\u00e3o dos filhos. Os pais devem compreender que Deus lhes confiou o cuidado de uma vida que possui grande valor perante o pr\u00f3prio Criador. Apesar de alimentos, vestu\u00e1rio e prote\u00e7\u00e3o serem muito importantes, a alimenta\u00e7\u00e3o e a educa\u00e7\u00e3o espiritual das crian\u00e7as n\u00e3o podem ser consideradas como menos essenciais. Os casais precisam de muita ajuda para compreender e executar esta tarefa, que \u00e9 a sua principal responsabilidade perante o Senhor. Este livro apresenta sugest\u00f5es e princ\u00edpios para sua orienta\u00e7\u00e3o no desencargo desta maravilhosa tarefa: a educa\u00e7\u00e3o crist\u00e3 de seu filho.<\/p>\n","protected":false},"excerpt":{"rendered":"<p>Princ\u00edpios que auxiliam os pais na educa\u00e7\u00e3o dos filhos. Os pais devem compreender que Deus lhes confiou o cuidado de&hellip;<\/p>\n","protected":false},"featured_media":331326,"comment_status":"open","ping_status":"closed","template":"","meta":[],"product_cat":[169,134],"product_tag":[],"_links":{"self":[{"href":"https:\/\/www.livrariarema.com.br\/loja\/wp-json\/wp\/v2\/product\/331149"}],"collection":[{"href":"https:\/\/www.livrariarema.com.br\/loja\/wp-json\/wp\/v2\/product"}],"about":[{"href":"https:\/\/www.livrariarema.com.br\/loja\/wp-json\/wp\/v2\/types\/product"}],"replies":[{"embeddable":true,"href":"https:\/\/www.livrariarema.com.br\/loja\/wp-json\/wp\/v2\/comments?post=331149"}],"wp:featuredmedia":[{"embeddable":true,"href":"https:\/\/www.livrariarema.com.br\/loja\/wp-json\/wp\/v2\/media\/331326"}],"wp:attachment":[{"href":"https:\/\/www.livrariarema.com.br\/loja\/wp-json\/wp\/v2\/media?parent=331149"}],"wp:term":[{"taxonomy":"product_cat","embeddable":true,"href":"https:\/\/www.livrariarema.com.br\/loja\/wp-json\/wp\/v2\/product_cat?post=331149"},{"taxonomy":"product_tag","embeddable":true,"href":"https:\/\/www.livrariarema.com.br\/loja\/wp-json\/wp\/v2\/product_tag?post=331149"}],"curies":[{"name":"wp","href":"https:\/\/api.w.org\/{rel}","templated":true}]}}