{"id":331196,"date":"2025-05-15T13:11:51","date_gmt":"2025-05-15T16:11:51","guid":{"rendered":"https:\/\/www.livrariarema.com.br\/loja\/produtos\/sem%20categoria\/aguas-que-transformam-irmao-yun\/"},"modified":"2026-01-19T11:10:29","modified_gmt":"2026-01-19T14:10:29","slug":"aguas-que-transformam-irmao-yun","status":"publish","type":"product","link":"https:\/\/www.livrariarema.com.br\/loja\/produtos\/promocao\/livros-promocao\/aguas-que-transformam-irmao-yun\/","title":{"rendered":"\u00c1guas Que Transformam &#8211; Irm\u00e3o Yun"},"content":{"rendered":"<p>Como deve ser um verdadeiro disc\u00edpulo de Jesus? Muitos se sentiram desafiados e tocados ao lerem o livro O Homem do C\u00e9u. Este novo livro do Irm\u00e3o Yun levar\u00e1 voc\u00ea a refletir seriamente sobre sua vida, seus alvos, seus relacionamentos dentro e fora da igreja, seu compromisso com o Senhor. A aplica\u00e7\u00e3o que ele faz das Escrituras ir\u00e1 conduzi-lo a uma nova consci\u00eancia da sua responsabilidade como disc\u00edpulo e servo do reino de Deus.<\/p>\n","protected":false},"excerpt":{"rendered":"<p>Como deve ser um verdadeiro disc\u00edpulo de Jesus? Muitos se sentiram desafiados e tocados ao lerem o livro O Homem&hellip;<\/p>\n","protected":false},"featured_media":331398,"comment_status":"open","ping_status":"closed","template":"","meta":[],"product_cat":[143,142],"product_tag":[],"_links":{"self":[{"href":"https:\/\/www.livrariarema.com.br\/loja\/wp-json\/wp\/v2\/product\/331196"}],"collection":[{"href":"https:\/\/www.livrariarema.com.br\/loja\/wp-json\/wp\/v2\/product"}],"about":[{"href":"https:\/\/www.livrariarema.com.br\/loja\/wp-json\/wp\/v2\/types\/product"}],"replies":[{"embeddable":true,"href":"https:\/\/www.livrariarema.com.br\/loja\/wp-json\/wp\/v2\/comments?post=331196"}],"wp:featuredmedia":[{"embeddable":true,"href":"https:\/\/www.livrariarema.com.br\/loja\/wp-json\/wp\/v2\/media\/331398"}],"wp:attachment":[{"href":"https:\/\/www.livrariarema.com.br\/loja\/wp-json\/wp\/v2\/media?parent=331196"}],"wp:term":[{"taxonomy":"product_cat","embeddable":true,"href":"https:\/\/www.livrariarema.com.br\/loja\/wp-json\/wp\/v2\/product_cat?post=331196"},{"taxonomy":"product_tag","embeddable":true,"href":"https:\/\/www.livrariarema.com.br\/loja\/wp-json\/wp\/v2\/product_tag?post=331196"}],"curies":[{"name":"wp","href":"https:\/\/api.w.org\/{rel}","templated":true}]}}