{"id":331295,"date":"2025-05-20T10:22:01","date_gmt":"2025-05-20T13:22:01","guid":{"rendered":"https:\/\/www.livrariarema.com.br\/loja\/produtos\/sem%20categoria\/saradas-para-sarar-roberta-sara\/"},"modified":"2026-02-09T14:22:19","modified_gmt":"2026-02-09T17:22:19","slug":"saradas-para-sarar-roberta-sara","status":"publish","type":"product","link":"https:\/\/www.livrariarema.com.br\/loja\/produtos\/livros\/cura-libertacao\/saradas-para-sarar-roberta-sara\/","title":{"rendered":"Saradas Para Sarar &#8211; Roberta Sara"},"content":{"rendered":"<p>&#8220;Voc\u00ea \u00e9 maior que sua dor e seu passado, e, com Deus, \u00e9 capaz de escrever uma nova hist\u00f3ria.&#8221;<\/p>\n<p>Em Saradas para sarar, Roberta Sara compartilha sua jornada de supera\u00e7\u00e3o emocional com uma profundidade inspiradora. A autora revela como o amor e a paternidade de Deus a resgataram das profundezas do sofrimento, transformando suas feridas abertas em cicatrizes que refletem esperan\u00e7a e a gl\u00f3ria do Senhor.<\/p>\n<p>Com uma narrativa sens\u00edvel e emocionante, ela exp\u00f5e com coragem e vulnerabilidade as experi\u00eancias de uma inf\u00e2ncia e adolesc\u00eancia marcadas por rejei\u00e7\u00e3o, abuso, abandono e traumas profundos. Roberta n\u00e3o apenas relata os desafios enfrentados, mas se prop\u00f5e sobretudo a apontar caminhos para a cura emocional, convidando suas leitoras a se engajarem no processo de restaura\u00e7\u00e3o, a fim de deixar um legado de f\u00e9, esperan\u00e7a, amor e grandes realiza\u00e7\u00f5es.<\/p>\n","protected":false},"excerpt":{"rendered":"<p>&#8220;Voc\u00ea \u00e9 maior que sua dor e seu passado, e, com Deus, \u00e9 capaz de escrever uma nova hist\u00f3ria.&#8221; Em&hellip;<\/p>\n","protected":false},"featured_media":339168,"comment_status":"open","ping_status":"closed","template":"","meta":[],"product_cat":[157,134],"product_tag":[],"_links":{"self":[{"href":"https:\/\/www.livrariarema.com.br\/loja\/wp-json\/wp\/v2\/product\/331295"}],"collection":[{"href":"https:\/\/www.livrariarema.com.br\/loja\/wp-json\/wp\/v2\/product"}],"about":[{"href":"https:\/\/www.livrariarema.com.br\/loja\/wp-json\/wp\/v2\/types\/product"}],"replies":[{"embeddable":true,"href":"https:\/\/www.livrariarema.com.br\/loja\/wp-json\/wp\/v2\/comments?post=331295"}],"wp:featuredmedia":[{"embeddable":true,"href":"https:\/\/www.livrariarema.com.br\/loja\/wp-json\/wp\/v2\/media\/339168"}],"wp:attachment":[{"href":"https:\/\/www.livrariarema.com.br\/loja\/wp-json\/wp\/v2\/media?parent=331295"}],"wp:term":[{"taxonomy":"product_cat","embeddable":true,"href":"https:\/\/www.livrariarema.com.br\/loja\/wp-json\/wp\/v2\/product_cat?post=331295"},{"taxonomy":"product_tag","embeddable":true,"href":"https:\/\/www.livrariarema.com.br\/loja\/wp-json\/wp\/v2\/product_tag?post=331295"}],"curies":[{"name":"wp","href":"https:\/\/api.w.org\/{rel}","templated":true}]}}