{"id":331423,"date":"2025-05-23T14:35:16","date_gmt":"2025-05-23T17:35:16","guid":{"rendered":"https:\/\/www.livrariarema.com.br\/loja\/produtos\/sem categoria\/minha-arte-em-quebra-cabeca-estencil-pequenas-criaturas\/"},"modified":"2026-02-09T11:10:45","modified_gmt":"2026-02-09T14:10:45","slug":"minha-arte-em-quebra-cabeca-estencil-pequenas-criaturas","status":"publish","type":"product","link":"https:\/\/www.livrariarema.com.br\/loja\/produtos\/livros\/infantil\/minha-arte-em-quebra-cabeca-estencil-pequenas-criaturas\/","title":{"rendered":"Minha Arte Em Quebra-Cabeca Estencil &#8211; Pequenas Criaturas"},"content":{"rendered":"<p>Desfrute de horas de divers\u00e3o, com muitas atividades coloridas e criativas, neste livro em quebra-cabe\u00e7a est\u00eancil!<\/p>\n","protected":false},"excerpt":{"rendered":"<p>Desfrute de horas de divers\u00e3o, com muitas atividades coloridas e criativas, neste livro em quebra-cabe\u00e7a est\u00eancil!<\/p>\n","protected":false},"featured_media":331422,"comment_status":"open","ping_status":"closed","template":"","meta":[],"product_cat":[144,134],"product_tag":[],"_links":{"self":[{"href":"https:\/\/www.livrariarema.com.br\/loja\/wp-json\/wp\/v2\/product\/331423"}],"collection":[{"href":"https:\/\/www.livrariarema.com.br\/loja\/wp-json\/wp\/v2\/product"}],"about":[{"href":"https:\/\/www.livrariarema.com.br\/loja\/wp-json\/wp\/v2\/types\/product"}],"replies":[{"embeddable":true,"href":"https:\/\/www.livrariarema.com.br\/loja\/wp-json\/wp\/v2\/comments?post=331423"}],"wp:featuredmedia":[{"embeddable":true,"href":"https:\/\/www.livrariarema.com.br\/loja\/wp-json\/wp\/v2\/media\/331422"}],"wp:attachment":[{"href":"https:\/\/www.livrariarema.com.br\/loja\/wp-json\/wp\/v2\/media?parent=331423"}],"wp:term":[{"taxonomy":"product_cat","embeddable":true,"href":"https:\/\/www.livrariarema.com.br\/loja\/wp-json\/wp\/v2\/product_cat?post=331423"},{"taxonomy":"product_tag","embeddable":true,"href":"https:\/\/www.livrariarema.com.br\/loja\/wp-json\/wp\/v2\/product_tag?post=331423"}],"curies":[{"name":"wp","href":"https:\/\/api.w.org\/{rel}","templated":true}]}}