{"id":331529,"date":"2025-05-23T14:53:24","date_gmt":"2025-05-23T17:53:24","guid":{"rendered":"https:\/\/www.livrariarema.com.br\/loja\/produtos\/sem categoria\/maravilhas-biblicas-livro-sonoro-historias-da-biblia\/"},"modified":"2026-02-20T12:51:24","modified_gmt":"2026-02-20T15:51:24","slug":"maravilhas-biblicas-livro-sonoro-historias-da-biblia","status":"publish","type":"product","link":"https:\/\/www.livrariarema.com.br\/loja\/produtos\/livros\/infantil\/maravilhas-biblicas-livro-sonoro-historias-da-biblia\/","title":{"rendered":"Maravilhas B\u00edblicas &#8211; Livro Sonoro: Hist\u00f3rias Da B\u00edblia"},"content":{"rendered":"<p>Com 10 m\u00f3dulos sonoros, este livro narra as Hist\u00f3rias da B\u00edblia de forma l\u00fadica, despertando a imagina\u00e7\u00e3o e transmitindo valores crist\u00e3os, como amor ao pr\u00f3ximo e aos ensinamentos divinos.<\/p>\n","protected":false},"excerpt":{"rendered":"<p>Com 10 m\u00f3dulos sonoros, este livro narra as Hist\u00f3rias da B\u00edblia de forma l\u00fadica, despertando a imagina\u00e7\u00e3o e transmitindo valores&hellip;<\/p>\n","protected":false},"featured_media":344468,"comment_status":"open","ping_status":"closed","template":"","meta":[],"product_cat":[144,134],"product_tag":[],"_links":{"self":[{"href":"https:\/\/www.livrariarema.com.br\/loja\/wp-json\/wp\/v2\/product\/331529"}],"collection":[{"href":"https:\/\/www.livrariarema.com.br\/loja\/wp-json\/wp\/v2\/product"}],"about":[{"href":"https:\/\/www.livrariarema.com.br\/loja\/wp-json\/wp\/v2\/types\/product"}],"replies":[{"embeddable":true,"href":"https:\/\/www.livrariarema.com.br\/loja\/wp-json\/wp\/v2\/comments?post=331529"}],"wp:featuredmedia":[{"embeddable":true,"href":"https:\/\/www.livrariarema.com.br\/loja\/wp-json\/wp\/v2\/media\/344468"}],"wp:attachment":[{"href":"https:\/\/www.livrariarema.com.br\/loja\/wp-json\/wp\/v2\/media?parent=331529"}],"wp:term":[{"taxonomy":"product_cat","embeddable":true,"href":"https:\/\/www.livrariarema.com.br\/loja\/wp-json\/wp\/v2\/product_cat?post=331529"},{"taxonomy":"product_tag","embeddable":true,"href":"https:\/\/www.livrariarema.com.br\/loja\/wp-json\/wp\/v2\/product_tag?post=331529"}],"curies":[{"name":"wp","href":"https:\/\/api.w.org\/{rel}","templated":true}]}}