{"id":331535,"date":"2025-05-23T14:58:17","date_gmt":"2025-05-23T17:58:17","guid":{"rendered":"https:\/\/www.livrariarema.com.br\/loja\/produtos\/sem categoria\/biblia-infantil-letras-grandes\/"},"modified":"2026-03-28T11:40:39","modified_gmt":"2026-03-28T14:40:39","slug":"biblia-infantil-letras-grandes","status":"publish","type":"product","link":"https:\/\/www.livrariarema.com.br\/loja\/produtos\/livros\/infantil-biblia\/biblia-infantil-letras-grandes\/","title":{"rendered":"B\u00edblia Infantil &#8211; Letras Grandes"},"content":{"rendered":"<p>&#8211; Ajuda na forma\u00e7\u00e3o dos valores crist\u00e3os, tema de grande relev\u00e2ncia entre as fam\u00edlias.<br \/>\n&#8211; Uma ferramenta importante para ser utilizada por Educadores crist\u00e3os.<br \/>\n&#8211; Preciosos ensinamentos que desenvolvem atitudes positivas e li\u00e7\u00f5es por meio de exemplos.<br \/>\n&#8211; Linguagem acess\u00edvel e letras grandes, desenvolvidos especialmente para os pequenos em fase de alfabetiza\u00e7\u00e3o.<\/p>\n<p>Esta obra, lindamente ilustrada, traz uma sele\u00e7\u00e3o das mais envolventes, inspiradoras e fascinantes hist\u00f3rias da B\u00edblia. Da cria\u00e7\u00e3o do mundo, \u00e0s bonitas e cativantes par\u00e1bolas de Jesus e seus ensinamentos eternos.<\/p>\n","protected":false},"excerpt":{"rendered":"<p>&#8211; Ajuda na forma\u00e7\u00e3o dos valores crist\u00e3os, tema de grande relev\u00e2ncia entre as fam\u00edlias. &#8211; Uma ferramenta importante para ser&hellip;<\/p>\n","protected":false},"featured_media":331534,"comment_status":"open","ping_status":"closed","template":"","meta":[],"product_cat":[165,134],"product_tag":[],"_links":{"self":[{"href":"https:\/\/www.livrariarema.com.br\/loja\/wp-json\/wp\/v2\/product\/331535"}],"collection":[{"href":"https:\/\/www.livrariarema.com.br\/loja\/wp-json\/wp\/v2\/product"}],"about":[{"href":"https:\/\/www.livrariarema.com.br\/loja\/wp-json\/wp\/v2\/types\/product"}],"replies":[{"embeddable":true,"href":"https:\/\/www.livrariarema.com.br\/loja\/wp-json\/wp\/v2\/comments?post=331535"}],"wp:featuredmedia":[{"embeddable":true,"href":"https:\/\/www.livrariarema.com.br\/loja\/wp-json\/wp\/v2\/media\/331534"}],"wp:attachment":[{"href":"https:\/\/www.livrariarema.com.br\/loja\/wp-json\/wp\/v2\/media?parent=331535"}],"wp:term":[{"taxonomy":"product_cat","embeddable":true,"href":"https:\/\/www.livrariarema.com.br\/loja\/wp-json\/wp\/v2\/product_cat?post=331535"},{"taxonomy":"product_tag","embeddable":true,"href":"https:\/\/www.livrariarema.com.br\/loja\/wp-json\/wp\/v2\/product_tag?post=331535"}],"curies":[{"name":"wp","href":"https:\/\/api.w.org\/{rel}","templated":true}]}}