{"id":331828,"date":"2025-05-29T13:58:56","date_gmt":"2025-05-29T16:58:56","guid":{"rendered":"https:\/\/www.livrariarema.com.br\/loja\/produtos\/sem%20categoria\/mulheres-inabalaveis-michele-cushatt\/"},"modified":"2026-03-13T17:07:26","modified_gmt":"2026-03-13T20:07:26","slug":"mulheres-inabalaveis-michele-cushatt","status":"publish","type":"product","link":"https:\/\/www.livrariarema.com.br\/loja\/produtos\/livros\/mulher\/mulheres-inabalaveis-michele-cushatt\/","title":{"rendered":"Mulheres Inabal\u00e1veis &#8211; Michele Cushatt"},"content":{"rendered":"<p>Como voc\u00ea pode permanecer firme quando sua vida parece desmoronar?<\/p>\n<p>Em Mulheres inabal\u00e1veis, a aclamada escritora Michele Cushatt compartilha dez pr\u00e1ticas espirituais que ajudam a construir uma f\u00e9 resistente, capaz de suportar as tempestades da vida. Ela \u00e9 testemunha viva de que isso \u00e9 poss\u00edvel. Sua trajet\u00f3ria \u00e9 marcada por perdas significativas e desafios intensos, como div\u00f3rcio inesperado, maternidade solo, uma segunda uni\u00e3o e a cria\u00e7\u00e3o de uma fam\u00edlia com enteados. Ela enfrentou tamb\u00e9m a ado\u00e7\u00e3o de tr\u00eas filhos vindos de um hist\u00f3rico de traumas e hoje lida com limita\u00e7\u00f5es funcionais permanentes e dores cr\u00f4nicas. Lutadora, Michele ainda travou uma dura batalha contra o c\u00e2ncer, que quase lhe custou a vida. Em meio a tantas adversidades, sua hist\u00f3ria revela como a dor, a f\u00e9 e a resili\u00eancia moldaram uma vida dedicada a ajudar outros a crescerem e encontrarem esperan\u00e7a.<\/p>\n<p>Com hist\u00f3rias reais, exemplos pr\u00e1ticos e reflex\u00f5es profundas, Mulheres inabal\u00e1veis \u00e9 um guia essencial para quem busca uma espiritualidade aut\u00eantica e resiliente. Prepare-se para encontrar esperan\u00e7a e renova\u00e7\u00e3o em cada p\u00e1gina.<\/p>\n<p>&#8220;Se voc\u00ea se encontra desejando ter uma f\u00e9 que possa suportar as tempestades inevit\u00e1veis   da vida, este lindo livro \u00e9 para voc\u00ea. A respeitada pensadora e autora crist\u00e3 Michele Cushatt oferece um guia acess\u00edvel e honesto para uma f\u00e9 duradoura, mas sem se apoiar em respostas f\u00e1ceis e em clich\u00eas. Em Mulheres inabal\u00e1veis, Michele oferece dez pr\u00e1ticas antigas (e \u00e0s vezes surpreendentes) que v\u00e3o ajudar a ir mais longe.&#8221; &#8211; Jennifer Dukes Lee, autora de Tudo sob controle (Hagnos).<\/p>\n","protected":false},"excerpt":{"rendered":"<p>Como voc\u00ea pode permanecer firme quando sua vida parece desmoronar? Em Mulheres inabal\u00e1veis, a aclamada escritora Michele Cushatt compartilha dez&hellip;<\/p>\n","protected":false},"featured_media":346201,"comment_status":"open","ping_status":"closed","template":"","meta":[],"product_cat":[134,170],"product_tag":[],"_links":{"self":[{"href":"https:\/\/www.livrariarema.com.br\/loja\/wp-json\/wp\/v2\/product\/331828"}],"collection":[{"href":"https:\/\/www.livrariarema.com.br\/loja\/wp-json\/wp\/v2\/product"}],"about":[{"href":"https:\/\/www.livrariarema.com.br\/loja\/wp-json\/wp\/v2\/types\/product"}],"replies":[{"embeddable":true,"href":"https:\/\/www.livrariarema.com.br\/loja\/wp-json\/wp\/v2\/comments?post=331828"}],"wp:featuredmedia":[{"embeddable":true,"href":"https:\/\/www.livrariarema.com.br\/loja\/wp-json\/wp\/v2\/media\/346201"}],"wp:attachment":[{"href":"https:\/\/www.livrariarema.com.br\/loja\/wp-json\/wp\/v2\/media?parent=331828"}],"wp:term":[{"taxonomy":"product_cat","embeddable":true,"href":"https:\/\/www.livrariarema.com.br\/loja\/wp-json\/wp\/v2\/product_cat?post=331828"},{"taxonomy":"product_tag","embeddable":true,"href":"https:\/\/www.livrariarema.com.br\/loja\/wp-json\/wp\/v2\/product_tag?post=331828"}],"curies":[{"name":"wp","href":"https:\/\/api.w.org\/{rel}","templated":true}]}}