{"id":331856,"date":"2025-06-05T10:55:14","date_gmt":"2025-06-05T13:55:14","guid":{"rendered":"https:\/\/www.livrariarema.com.br\/loja\/produtos\/sem categoria\/biblia-leitura-perfeita-nvi-letra-senior-couro-soft-preto\/"},"modified":"2026-04-30T11:13:49","modified_gmt":"2026-04-30T14:13:49","slug":"biblia-leitura-perfeita-nvi-letra-senior-couro-soft-preto","status":"publish","type":"product","link":"https:\/\/www.livrariarema.com.br\/loja\/produtos\/biblias\/nvi\/biblia-leitura-perfeita-nvi-letra-senior-couro-soft-preto\/","title":{"rendered":"B\u00edblia Leitura Perfeita &#8211; Nvi &#8211; Letra S\u00eanior &#8211; Couro Soft &#8211; Preto"},"content":{"rendered":"<p>A B\u00cdBLIA COM O MAIOR TAMANHO DE LETRA<\/p>\n<p>Para desenvolver um relacionamento \u00edntimo com Deus, nada melhor do que se aprofundar no estudo de sua Palavra. No entanto, essa tarefa fica dif\u00edcil quando precisamos for\u00e7ar a vista para conseguir ler o texto. Al\u00e9m de cansativo, pode ser prejudicial aos olhos em longo prazo. Para solucionar esse problema, apresentamos a B\u00edblia Sagrada letra S\u00eanior! Pensada para voc\u00ea que que deseja ler as Escrituras com conforto atrav\u00e9s da tecnologia que somente a Thomas Nelson pode oferecer.<\/p>\n<p>CARACTER\u00cdSTICAS:<br \/>\n&#8211; Fonte tamanho 17<br \/>\n&#8211; Texto na Nova Vers\u00e3o Internacional (NVI23)<br \/>\n&#8211; A exclusiva fonte Leitura Perfeita, uma tipologia exclusiva que integra os melhores avan\u00e7os em tipografia de B\u00edblias modernas para uma leitura mais confort\u00e1vel.<\/p>\n","protected":false},"excerpt":{"rendered":"<p>A B\u00cdBLIA COM O MAIOR TAMANHO DE LETRA Para desenvolver um relacionamento \u00edntimo com Deus, nada melhor do que se&hellip;<\/p>\n","protected":false},"featured_media":347738,"comment_status":"open","ping_status":"closed","template":"","meta":[],"product_cat":[139,166],"product_tag":[],"_links":{"self":[{"href":"https:\/\/www.livrariarema.com.br\/loja\/wp-json\/wp\/v2\/product\/331856"}],"collection":[{"href":"https:\/\/www.livrariarema.com.br\/loja\/wp-json\/wp\/v2\/product"}],"about":[{"href":"https:\/\/www.livrariarema.com.br\/loja\/wp-json\/wp\/v2\/types\/product"}],"replies":[{"embeddable":true,"href":"https:\/\/www.livrariarema.com.br\/loja\/wp-json\/wp\/v2\/comments?post=331856"}],"wp:featuredmedia":[{"embeddable":true,"href":"https:\/\/www.livrariarema.com.br\/loja\/wp-json\/wp\/v2\/media\/347738"}],"wp:attachment":[{"href":"https:\/\/www.livrariarema.com.br\/loja\/wp-json\/wp\/v2\/media?parent=331856"}],"wp:term":[{"taxonomy":"product_cat","embeddable":true,"href":"https:\/\/www.livrariarema.com.br\/loja\/wp-json\/wp\/v2\/product_cat?post=331856"},{"taxonomy":"product_tag","embeddable":true,"href":"https:\/\/www.livrariarema.com.br\/loja\/wp-json\/wp\/v2\/product_tag?post=331856"}],"curies":[{"name":"wp","href":"https:\/\/api.w.org\/{rel}","templated":true}]}}