{"id":331941,"date":"2025-06-05T11:37:26","date_gmt":"2025-06-05T14:37:26","guid":{"rendered":"https:\/\/www.livrariarema.com.br\/loja\/produtos\/sem categoria\/ame-aqueles-que-te-enlouquecem-jamie-dunlop\/"},"modified":"2026-02-24T12:25:35","modified_gmt":"2026-02-24T15:25:35","slug":"ame-aqueles-que-te-enlouquecem-jamie-dunlop","status":"publish","type":"product","link":"https:\/\/www.livrariarema.com.br\/loja\/produtos\/livros\/lideranca\/ame-aqueles-que-te-enlouquecem-jamie-dunlop\/","title":{"rendered":"Ame Aqueles Que Te Enlouquecem &#8211; Jamie Dunlop"},"content":{"rendered":"<p>Na igreja local as diferen\u00e7as s\u00e3o inevit\u00e1veis.<br \/>\nH\u00e1 pessoas de contextos culturais variados, com suas personalidades \u00fanicas e at\u00e9 prefer\u00eancias musicais distintas. Para tornar o cen\u00e1rio ainda mais desafiador, as diverg\u00eancias sobre quest\u00f5es pol\u00edticas e sociais t\u00eam sido um desafio \u00e0 harmonia entre irm\u00e3os. No entanto, quando uma igreja est\u00e1 de fato centrada somente em Cristo, a unidade \u00e9 fundamental para honr\u00e1-lo (Jo 17.23). A constru\u00e7\u00e3o de amizades genu\u00ednas deve, portanto, transcender as barreiras da discord\u00e2ncia.<\/p>\n<p>Em Ame aqueles que te enlouquecem, Jamie Dunlop explora oito verdades encontradas em Romanos 12 a 15 que nos ensinam como encontrar a unidade mesmo diante daquelas pessoas que lutamos para amar.<\/p>\n","protected":false},"excerpt":{"rendered":"<p>Na igreja local as diferen\u00e7as s\u00e3o inevit\u00e1veis. H\u00e1 pessoas de contextos culturais variados, com suas personalidades \u00fanicas e at\u00e9 prefer\u00eancias&hellip;<\/p>\n","protected":false},"featured_media":345327,"comment_status":"open","ping_status":"closed","template":"","meta":[],"product_cat":[153,134],"product_tag":[],"_links":{"self":[{"href":"https:\/\/www.livrariarema.com.br\/loja\/wp-json\/wp\/v2\/product\/331941"}],"collection":[{"href":"https:\/\/www.livrariarema.com.br\/loja\/wp-json\/wp\/v2\/product"}],"about":[{"href":"https:\/\/www.livrariarema.com.br\/loja\/wp-json\/wp\/v2\/types\/product"}],"replies":[{"embeddable":true,"href":"https:\/\/www.livrariarema.com.br\/loja\/wp-json\/wp\/v2\/comments?post=331941"}],"wp:featuredmedia":[{"embeddable":true,"href":"https:\/\/www.livrariarema.com.br\/loja\/wp-json\/wp\/v2\/media\/345327"}],"wp:attachment":[{"href":"https:\/\/www.livrariarema.com.br\/loja\/wp-json\/wp\/v2\/media?parent=331941"}],"wp:term":[{"taxonomy":"product_cat","embeddable":true,"href":"https:\/\/www.livrariarema.com.br\/loja\/wp-json\/wp\/v2\/product_cat?post=331941"},{"taxonomy":"product_tag","embeddable":true,"href":"https:\/\/www.livrariarema.com.br\/loja\/wp-json\/wp\/v2\/product_tag?post=331941"}],"curies":[{"name":"wp","href":"https:\/\/api.w.org\/{rel}","templated":true}]}}