{"id":331951,"date":"2025-06-05T11:37:56","date_gmt":"2025-06-05T14:37:56","guid":{"rendered":"https:\/\/www.livrariarema.com.br\/loja\/produtos\/sem categoria\/que-a-biblia-diz-sobre-o-aborto-a-eutanasia-e-outras-questoes-medicas-sobre-o-fim-da-vida-o\/"},"modified":"2026-02-20T13:34:21","modified_gmt":"2026-02-20T16:34:21","slug":"que-a-biblia-diz-sobre-o-aborto-a-eutanasia-e-outras-questoes-medicas-sobre-o-fim-da-vida-o","status":"publish","type":"product","link":"https:\/\/www.livrariarema.com.br\/loja\/produtos\/livros\/vida-crista\/que-a-biblia-diz-sobre-o-aborto-a-eutanasia-e-outras-questoes-medicas-sobre-o-fim-da-vida-o\/","title":{"rendered":"Que A B\u00edblia Diz Sobre O Aborto, A Eutan\u00e1sia E Outras Quest\u00f5es M\u00e9dicas Sobre O Fim Da Vida, O"},"content":{"rendered":"<p>A vida humana \u00e9 preciosa, desde o come\u00e7o at\u00e9 o fim. Neste livreto acess\u00edvel, Wayne Grudem mostra que a vida do ser humano, criado \u00e0 imagem de Deus, deve ser valorizada e preservada em todas as suas fases.<\/p>\n<p>PRINCIPAIS T\u00d3PICOS:<br \/>\n&#8211; a pessoalidade do nascituro;<br \/>\n&#8211; eutan\u00e1sia e suas implica\u00e7\u00f5es legais;<br \/>\n&#8211; diretrizes para as decis\u00f5es dif\u00edceis da vida.<\/p>\n","protected":false},"excerpt":{"rendered":"<p>A vida humana \u00e9 preciosa, desde o come\u00e7o at\u00e9 o fim. Neste livreto acess\u00edvel, Wayne Grudem mostra que a vida&hellip;<\/p>\n","protected":false},"featured_media":345079,"comment_status":"open","ping_status":"closed","template":"","meta":[],"product_cat":[134,137],"product_tag":[],"_links":{"self":[{"href":"https:\/\/www.livrariarema.com.br\/loja\/wp-json\/wp\/v2\/product\/331951"}],"collection":[{"href":"https:\/\/www.livrariarema.com.br\/loja\/wp-json\/wp\/v2\/product"}],"about":[{"href":"https:\/\/www.livrariarema.com.br\/loja\/wp-json\/wp\/v2\/types\/product"}],"replies":[{"embeddable":true,"href":"https:\/\/www.livrariarema.com.br\/loja\/wp-json\/wp\/v2\/comments?post=331951"}],"wp:featuredmedia":[{"embeddable":true,"href":"https:\/\/www.livrariarema.com.br\/loja\/wp-json\/wp\/v2\/media\/345079"}],"wp:attachment":[{"href":"https:\/\/www.livrariarema.com.br\/loja\/wp-json\/wp\/v2\/media?parent=331951"}],"wp:term":[{"taxonomy":"product_cat","embeddable":true,"href":"https:\/\/www.livrariarema.com.br\/loja\/wp-json\/wp\/v2\/product_cat?post=331951"},{"taxonomy":"product_tag","embeddable":true,"href":"https:\/\/www.livrariarema.com.br\/loja\/wp-json\/wp\/v2\/product_tag?post=331951"}],"curies":[{"name":"wp","href":"https:\/\/api.w.org\/{rel}","templated":true}]}}