{"id":332180,"date":"2025-06-11T09:17:06","date_gmt":"2025-06-11T12:17:06","guid":{"rendered":"https:\/\/www.livrariarema.com.br\/loja\/produtos\/sem%20categoria\/caderno-de-oracao-wire-o-rema-refugio-levantarei-os-meus-olhos\/"},"modified":"2026-03-18T16:01:12","modified_gmt":"2026-03-18T19:01:12","slug":"caderno-de-oracao-wire-o-rema-refugio-levantarei-os-meus-olhos","status":"publish","type":"product","link":"https:\/\/www.livrariarema.com.br\/loja\/produtos\/papelaria-crista\/caderno-de-oracao\/caderno-de-oracao-wire-o-rema-refugio-levantarei-os-meus-olhos\/","title":{"rendered":"Caderno De Ora\u00e7\u00e3o Wire-O &#8211; Rema &#8211; Ref\u00fagio &#8211; Levantarei Os Meus Olhos"},"content":{"rendered":"<p>O Cadernos de Ora\u00e7\u00e3o da Cole\u00e7\u00e3o Ref\u00fagio, foi pensado para transformar sua rotina em um momento de paz e conex\u00e3o com Deus. Cada produto foi pensado com cuidado para tornar seu dia mais leve, produtivo e cheio de significado.<\/p>\n<p>Mais do que itens de papelaria, s\u00e3o ferramentas para te ajudar a acalmar<br \/>\na alma, ouvir a voz de Deus e viver com inten\u00e7\u00e3o.<\/p>\n","protected":false},"excerpt":{"rendered":"<p>Espiral tipo wire-o, 13,5&#215;18,5cm, 60fls.<\/p>\n","protected":false},"featured_media":336266,"comment_status":"open","ping_status":"closed","template":"","meta":[],"product_cat":[327,322],"product_tag":[],"_links":{"self":[{"href":"https:\/\/www.livrariarema.com.br\/loja\/wp-json\/wp\/v2\/product\/332180"}],"collection":[{"href":"https:\/\/www.livrariarema.com.br\/loja\/wp-json\/wp\/v2\/product"}],"about":[{"href":"https:\/\/www.livrariarema.com.br\/loja\/wp-json\/wp\/v2\/types\/product"}],"replies":[{"embeddable":true,"href":"https:\/\/www.livrariarema.com.br\/loja\/wp-json\/wp\/v2\/comments?post=332180"}],"wp:featuredmedia":[{"embeddable":true,"href":"https:\/\/www.livrariarema.com.br\/loja\/wp-json\/wp\/v2\/media\/336266"}],"wp:attachment":[{"href":"https:\/\/www.livrariarema.com.br\/loja\/wp-json\/wp\/v2\/media?parent=332180"}],"wp:term":[{"taxonomy":"product_cat","embeddable":true,"href":"https:\/\/www.livrariarema.com.br\/loja\/wp-json\/wp\/v2\/product_cat?post=332180"},{"taxonomy":"product_tag","embeddable":true,"href":"https:\/\/www.livrariarema.com.br\/loja\/wp-json\/wp\/v2\/product_tag?post=332180"}],"curies":[{"name":"wp","href":"https:\/\/api.w.org\/{rel}","templated":true}]}}