{"id":332772,"date":"2025-06-30T10:17:56","date_gmt":"2025-06-30T13:17:56","guid":{"rendered":"https:\/\/www.livrariarema.com.br\/loja\/produtos\/sem categoria\/sem-nem-se-despedir-e-outras-historias-emilio-garofalo\/"},"modified":"2025-09-10T08:59:10","modified_gmt":"2025-09-10T11:59:10","slug":"sem-nem-se-despedir-e-outras-historias-emilio-garofalo","status":"publish","type":"product","link":"https:\/\/www.livrariarema.com.br\/loja\/produtos\/livros\/juvenil\/sem-nem-se-despedir-e-outras-historias-emilio-garofalo\/","title":{"rendered":"Sem Nem Se Despedir E Outras Hist\u00f3rias &#8211; Em\u00edlio Garofalo"},"content":{"rendered":"<p>Sem nem de despedir e outras hist\u00f3rias \u00e9 um livro diferente dos outros da cole\u00e7\u00e3o, pois re\u00fane v\u00e1rios contos. Nessas p\u00e1ginas, vemos um pai que descobre o verdadeiro valor de uma despedida; felinos sentimentais e preocupados; um grupo de sambistas pan\u00e7udos que nos fazem ver a MPB com outros olhos (ou seria ouvir com outros ouvidos?), uma foca (coitada) que s\u00f3 queria ler, al\u00e9m de uma hist\u00f3ria interrompida no meio da coisa. O que todas essas hist\u00f3rias t\u00eam em comum? Todas elas nos fazem pensar: &#8220;e se&#8230;&#8221;<\/p>\n","protected":false},"excerpt":{"rendered":"<p>Sem nem de despedir e outras hist\u00f3rias \u00e9 um livro diferente dos outros da cole\u00e7\u00e3o, pois re\u00fane v\u00e1rios contos. Nessas&hellip;<\/p>\n","protected":false},"featured_media":332771,"comment_status":"open","ping_status":"closed","template":"","meta":[],"product_cat":[184,134],"product_tag":[],"_links":{"self":[{"href":"https:\/\/www.livrariarema.com.br\/loja\/wp-json\/wp\/v2\/product\/332772"}],"collection":[{"href":"https:\/\/www.livrariarema.com.br\/loja\/wp-json\/wp\/v2\/product"}],"about":[{"href":"https:\/\/www.livrariarema.com.br\/loja\/wp-json\/wp\/v2\/types\/product"}],"replies":[{"embeddable":true,"href":"https:\/\/www.livrariarema.com.br\/loja\/wp-json\/wp\/v2\/comments?post=332772"}],"wp:featuredmedia":[{"embeddable":true,"href":"https:\/\/www.livrariarema.com.br\/loja\/wp-json\/wp\/v2\/media\/332771"}],"wp:attachment":[{"href":"https:\/\/www.livrariarema.com.br\/loja\/wp-json\/wp\/v2\/media?parent=332772"}],"wp:term":[{"taxonomy":"product_cat","embeddable":true,"href":"https:\/\/www.livrariarema.com.br\/loja\/wp-json\/wp\/v2\/product_cat?post=332772"},{"taxonomy":"product_tag","embeddable":true,"href":"https:\/\/www.livrariarema.com.br\/loja\/wp-json\/wp\/v2\/product_tag?post=332772"}],"curies":[{"name":"wp","href":"https:\/\/api.w.org\/{rel}","templated":true}]}}