{"id":332778,"date":"2025-06-30T10:19:33","date_gmt":"2025-06-30T13:19:33","guid":{"rendered":"https:\/\/www.livrariarema.com.br\/loja\/produtos\/sem categoria\/vulcao-pura-lava-emilio-garofalo\/"},"modified":"2025-09-10T09:01:58","modified_gmt":"2025-09-10T12:01:58","slug":"vulcao-pura-lava-emilio-garofalo","status":"publish","type":"product","link":"https:\/\/www.livrariarema.com.br\/loja\/produtos\/livros\/juvenil\/vulcao-pura-lava-emilio-garofalo\/","title":{"rendered":"Vulc\u00e3o Pura Lava &#8211; Em\u00edlio Garofalo"},"content":{"rendered":"<p>Antes de amigos virtuais, havia amigos de carta. Esta \u00e9 a hist\u00f3ria de uma amizade entre um italiano e um havaiano que atravessa as d\u00e9cadas. Das descobertas ing\u00eanuas da inf\u00e2ncia \u00e0s lutas da adolesc\u00eancia e aos reveses da vida adulta. Como James e Gaetano viver\u00e3o neste mundo t\u00e3o estranho?<br \/>\nComo a amizade poderia nos ajudar? Nesta obra de fic\u00e7\u00e3o contada atrav\u00e9s da correspond\u00eancia entre os dois, temos vislumbres do que corre por debaixo da terra e daquilo que explode para o c\u00e9u.<\/p>\n","protected":false},"excerpt":{"rendered":"<p>Antes de amigos virtuais, havia amigos de carta. Esta \u00e9 a hist\u00f3ria de uma amizade entre um italiano e um&hellip;<\/p>\n","protected":false},"featured_media":332777,"comment_status":"open","ping_status":"closed","template":"","meta":[],"product_cat":[184,134],"product_tag":[],"_links":{"self":[{"href":"https:\/\/www.livrariarema.com.br\/loja\/wp-json\/wp\/v2\/product\/332778"}],"collection":[{"href":"https:\/\/www.livrariarema.com.br\/loja\/wp-json\/wp\/v2\/product"}],"about":[{"href":"https:\/\/www.livrariarema.com.br\/loja\/wp-json\/wp\/v2\/types\/product"}],"replies":[{"embeddable":true,"href":"https:\/\/www.livrariarema.com.br\/loja\/wp-json\/wp\/v2\/comments?post=332778"}],"wp:featuredmedia":[{"embeddable":true,"href":"https:\/\/www.livrariarema.com.br\/loja\/wp-json\/wp\/v2\/media\/332777"}],"wp:attachment":[{"href":"https:\/\/www.livrariarema.com.br\/loja\/wp-json\/wp\/v2\/media?parent=332778"}],"wp:term":[{"taxonomy":"product_cat","embeddable":true,"href":"https:\/\/www.livrariarema.com.br\/loja\/wp-json\/wp\/v2\/product_cat?post=332778"},{"taxonomy":"product_tag","embeddable":true,"href":"https:\/\/www.livrariarema.com.br\/loja\/wp-json\/wp\/v2\/product_tag?post=332778"}],"curies":[{"name":"wp","href":"https:\/\/api.w.org\/{rel}","templated":true}]}}