{"id":332782,"date":"2025-06-30T10:19:44","date_gmt":"2025-06-30T13:19:44","guid":{"rendered":"https:\/\/www.livrariarema.com.br\/loja\/produtos\/sem categoria\/soblenatuxisto-emilio-garofalo-neto\/"},"modified":"2025-09-17T09:17:30","modified_gmt":"2025-09-17T12:17:30","slug":"soblenatuxisto-emilio-garofalo-neto","status":"publish","type":"product","link":"https:\/\/www.livrariarema.com.br\/loja\/produtos\/livros\/juvenil\/soblenatuxisto-emilio-garofalo-neto\/","title":{"rendered":"Soblenatuxisto &#8211; Em\u00edlio Garofalo Neto"},"content":{"rendered":"<p>Como assim, pequenos cachorros shih tzus com poderes sobrenaturais. Talvez seja imposs\u00edvel passar de olhos secos por uma hist\u00f3ria t\u00e3o cheia de fofura e de assombro, j\u00e1 que a ideia de cachorros encantados pode nos levar a encontrar encanto nos animais que est\u00e3o ao nosso redor. Uma dica para a leitura: fa\u00e7a pequenas pausas para um afago especial em seu cachorro, gato, calopsita. <br \/>\nAfinal, todas essas criaturas de Deus veem em n\u00f3s (ainda que de forma turva) um pouco da imagem do pr\u00f3prio Criador.<\/p>\n<p>`Um ano de hist\u00f3rias \u00e9 uma cole\u00e7\u00e3o de contos de fic\u00e7\u00e3o crist\u00e3 escrita pelo pastor e autor Em\u00edlio Garofalo Neto com o intuito de incentivar a produ\u00e7\u00e3o e a leitura de boa fic\u00e7\u00e3o entre o p\u00fablico crist\u00e3o. Ao todo, \u00e9 composta por 14 hist\u00f3rias que se passam no mesmo universo liter\u00e1rio e que percorrem diversos g\u00eaneros: de romances de forma\u00e7\u00e3o \u00e0 literatura epistolar, passando por hist\u00f3rias de amor, soft sci-fi, fantasia e at\u00e9 reportagens.<\/p>\n","protected":false},"excerpt":{"rendered":"<p>Como assim, pequenos cachorros shih tzus com poderes sobrenaturais. Talvez seja imposs\u00edvel passar de olhos secos por uma hist\u00f3ria t\u00e3o&hellip;<\/p>\n","protected":false},"featured_media":332781,"comment_status":"open","ping_status":"closed","template":"","meta":[],"product_cat":[184,134],"product_tag":[],"_links":{"self":[{"href":"https:\/\/www.livrariarema.com.br\/loja\/wp-json\/wp\/v2\/product\/332782"}],"collection":[{"href":"https:\/\/www.livrariarema.com.br\/loja\/wp-json\/wp\/v2\/product"}],"about":[{"href":"https:\/\/www.livrariarema.com.br\/loja\/wp-json\/wp\/v2\/types\/product"}],"replies":[{"embeddable":true,"href":"https:\/\/www.livrariarema.com.br\/loja\/wp-json\/wp\/v2\/comments?post=332782"}],"wp:featuredmedia":[{"embeddable":true,"href":"https:\/\/www.livrariarema.com.br\/loja\/wp-json\/wp\/v2\/media\/332781"}],"wp:attachment":[{"href":"https:\/\/www.livrariarema.com.br\/loja\/wp-json\/wp\/v2\/media?parent=332782"}],"wp:term":[{"taxonomy":"product_cat","embeddable":true,"href":"https:\/\/www.livrariarema.com.br\/loja\/wp-json\/wp\/v2\/product_cat?post=332782"},{"taxonomy":"product_tag","embeddable":true,"href":"https:\/\/www.livrariarema.com.br\/loja\/wp-json\/wp\/v2\/product_tag?post=332782"}],"curies":[{"name":"wp","href":"https:\/\/api.w.org\/{rel}","templated":true}]}}