{"id":332790,"date":"2025-06-30T10:24:20","date_gmt":"2025-06-30T13:24:20","guid":{"rendered":"https:\/\/www.livrariarema.com.br\/loja\/produtos\/sem categoria\/a-hora-de-parar-de-chorar-emilio-garofalo\/"},"modified":"2025-09-17T09:18:43","modified_gmt":"2025-09-17T12:18:43","slug":"a-hora-de-parar-de-chorar-emilio-garofalo","status":"publish","type":"product","link":"https:\/\/www.livrariarema.com.br\/loja\/produtos\/livros\/juvenil\/a-hora-de-parar-de-chorar-emilio-garofalo\/","title":{"rendered":"A Hora De Parar De Chorar &#8211; Emilio Garofalo"},"content":{"rendered":"<p>Como \u00e9 poss\u00edvel que aquilo que fazemos na terra seja refletido no c\u00e9u? Uma hist\u00f3ria sobre uma mo\u00e7a cujas emo\u00e7\u00f5es mudam o pr\u00f3prio c\u00e9u estrelado, exatamente como uma vez disse o poeta. Uma vida sofrida e a dif\u00edcil decis\u00e3o entre seguir ou desistir. Um amigo que possui a sabedoria de quem um dia teve de decidir seguir em frente. De onde v\u00eam os dons que temos? Como lidar com os que n\u00e3o queremos? O que est\u00e1 al\u00e9m das estrelas?<\/p>\n","protected":false},"excerpt":{"rendered":"<p>Como \u00e9 poss\u00edvel que aquilo que fazemos na terra seja refletido no c\u00e9u? Uma hist\u00f3ria sobre uma mo\u00e7a cujas emo\u00e7\u00f5es&hellip;<\/p>\n","protected":false},"featured_media":332789,"comment_status":"open","ping_status":"closed","template":"","meta":[],"product_cat":[184,134],"product_tag":[],"_links":{"self":[{"href":"https:\/\/www.livrariarema.com.br\/loja\/wp-json\/wp\/v2\/product\/332790"}],"collection":[{"href":"https:\/\/www.livrariarema.com.br\/loja\/wp-json\/wp\/v2\/product"}],"about":[{"href":"https:\/\/www.livrariarema.com.br\/loja\/wp-json\/wp\/v2\/types\/product"}],"replies":[{"embeddable":true,"href":"https:\/\/www.livrariarema.com.br\/loja\/wp-json\/wp\/v2\/comments?post=332790"}],"wp:featuredmedia":[{"embeddable":true,"href":"https:\/\/www.livrariarema.com.br\/loja\/wp-json\/wp\/v2\/media\/332789"}],"wp:attachment":[{"href":"https:\/\/www.livrariarema.com.br\/loja\/wp-json\/wp\/v2\/media?parent=332790"}],"wp:term":[{"taxonomy":"product_cat","embeddable":true,"href":"https:\/\/www.livrariarema.com.br\/loja\/wp-json\/wp\/v2\/product_cat?post=332790"},{"taxonomy":"product_tag","embeddable":true,"href":"https:\/\/www.livrariarema.com.br\/loja\/wp-json\/wp\/v2\/product_tag?post=332790"}],"curies":[{"name":"wp","href":"https:\/\/api.w.org\/{rel}","templated":true}]}}