{"id":332792,"date":"2025-06-30T10:24:25","date_gmt":"2025-06-30T13:24:25","guid":{"rendered":"https:\/\/www.livrariarema.com.br\/loja\/produtos\/sem categoria\/enquanto-houver-batalhas-emilio-garofalo-neto\/"},"modified":"2025-09-17T09:19:05","modified_gmt":"2025-09-17T12:19:05","slug":"enquanto-houver-batalhas-emilio-garofalo-neto","status":"publish","type":"product","link":"https:\/\/www.livrariarema.com.br\/loja\/produtos\/livros\/juvenil\/enquanto-houver-batalhas-emilio-garofalo-neto\/","title":{"rendered":"Enquanto Houver Batalhas &#8211; Em\u00edlio Garofalo Neto"},"content":{"rendered":"<p>Nessa tocante entrevista, uma m\u00e3e sofrida reconta a trag\u00e9dia que se abateu sobre seus filhos impressionantes. O que se passa no agreste paraibano? Venha conhecer a hist\u00f3ria de Dona Z\u00ea e de seus filhos Binho, J\u00f4 e Zezel em suas perip\u00e9cias, ao lado de Ruivo, contra Cabe\u00e7a e depois contra o oportunista L\u00facio. Voc\u00ea consegue lidar com um pouco de sangue? \u00c9 preciso ser valente. Se voc\u00ea tem arma \u00e9 bom trazer. Se n\u00e3o tem, venda sua capa e compre uma.<\/p>\n","protected":false},"excerpt":{"rendered":"<p>Nessa tocante entrevista, uma m\u00e3e sofrida reconta a trag\u00e9dia que se abateu sobre seus filhos impressionantes. O que se passa&hellip;<\/p>\n","protected":false},"featured_media":332791,"comment_status":"open","ping_status":"closed","template":"","meta":[],"product_cat":[184,134],"product_tag":[],"_links":{"self":[{"href":"https:\/\/www.livrariarema.com.br\/loja\/wp-json\/wp\/v2\/product\/332792"}],"collection":[{"href":"https:\/\/www.livrariarema.com.br\/loja\/wp-json\/wp\/v2\/product"}],"about":[{"href":"https:\/\/www.livrariarema.com.br\/loja\/wp-json\/wp\/v2\/types\/product"}],"replies":[{"embeddable":true,"href":"https:\/\/www.livrariarema.com.br\/loja\/wp-json\/wp\/v2\/comments?post=332792"}],"wp:featuredmedia":[{"embeddable":true,"href":"https:\/\/www.livrariarema.com.br\/loja\/wp-json\/wp\/v2\/media\/332791"}],"wp:attachment":[{"href":"https:\/\/www.livrariarema.com.br\/loja\/wp-json\/wp\/v2\/media?parent=332792"}],"wp:term":[{"taxonomy":"product_cat","embeddable":true,"href":"https:\/\/www.livrariarema.com.br\/loja\/wp-json\/wp\/v2\/product_cat?post=332792"},{"taxonomy":"product_tag","embeddable":true,"href":"https:\/\/www.livrariarema.com.br\/loja\/wp-json\/wp\/v2\/product_tag?post=332792"}],"curies":[{"name":"wp","href":"https:\/\/api.w.org\/{rel}","templated":true}]}}