{"id":332800,"date":"2025-06-30T10:25:45","date_gmt":"2025-06-30T13:25:45","guid":{"rendered":"https:\/\/www.livrariarema.com.br\/loja\/produtos\/sem categoria\/arruinados-pelo-amor-de-deus-yago-martins\/"},"modified":"2025-09-17T09:20:06","modified_gmt":"2025-09-17T12:20:06","slug":"arruinados-pelo-amor-de-deus-yago-martins","status":"publish","type":"product","link":"https:\/\/www.livrariarema.com.br\/loja\/produtos\/livros\/vida-crista\/arruinados-pelo-amor-de-deus-yago-martins\/","title":{"rendered":"Arruinados Pelo Amor De Deus &#8211; Yago Martins"},"content":{"rendered":"<p>Em Arruinados pelo amor de Deus, o pastor e influenciador Yago Martins explora os livros de Jonas e Naum para refletir sobre miss\u00e3o, julgamento e miseric\u00f3rdia divina.<\/p>\n<p>A partir de uma linguagem cativante e cheia de refer\u00eancias contempor\u00e2neas, Yago desafia o leitor a sair da zona de conforto espiritual e encarar os efeitos do pecado &#8211; e da gra\u00e7a &#8211; na vida pessoal e comunit\u00e1ria.<\/p>\n","protected":false},"excerpt":{"rendered":"<p>Em Arruinados pelo amor de Deus, o pastor e influenciador Yago Martins explora os livros de Jonas e Naum para&hellip;<\/p>\n","protected":false},"featured_media":334000,"comment_status":"open","ping_status":"closed","template":"","meta":[],"product_cat":[134,137],"product_tag":[],"_links":{"self":[{"href":"https:\/\/www.livrariarema.com.br\/loja\/wp-json\/wp\/v2\/product\/332800"}],"collection":[{"href":"https:\/\/www.livrariarema.com.br\/loja\/wp-json\/wp\/v2\/product"}],"about":[{"href":"https:\/\/www.livrariarema.com.br\/loja\/wp-json\/wp\/v2\/types\/product"}],"replies":[{"embeddable":true,"href":"https:\/\/www.livrariarema.com.br\/loja\/wp-json\/wp\/v2\/comments?post=332800"}],"wp:featuredmedia":[{"embeddable":true,"href":"https:\/\/www.livrariarema.com.br\/loja\/wp-json\/wp\/v2\/media\/334000"}],"wp:attachment":[{"href":"https:\/\/www.livrariarema.com.br\/loja\/wp-json\/wp\/v2\/media?parent=332800"}],"wp:term":[{"taxonomy":"product_cat","embeddable":true,"href":"https:\/\/www.livrariarema.com.br\/loja\/wp-json\/wp\/v2\/product_cat?post=332800"},{"taxonomy":"product_tag","embeddable":true,"href":"https:\/\/www.livrariarema.com.br\/loja\/wp-json\/wp\/v2\/product_tag?post=332800"}],"curies":[{"name":"wp","href":"https:\/\/api.w.org\/{rel}","templated":true}]}}