{"id":332830,"date":"2025-06-30T10:27:54","date_gmt":"2025-06-30T13:27:54","guid":{"rendered":"https:\/\/www.livrariarema.com.br\/loja\/produtos\/sem categoria\/familia-em-meio-a-tormenta-russell-moore\/"},"modified":"2026-03-17T14:40:27","modified_gmt":"2026-03-17T17:40:27","slug":"familia-em-meio-a-tormenta-russell-moore","status":"publish","type":"product","link":"https:\/\/www.livrariarema.com.br\/loja\/produtos\/livros\/familia\/familia-em-meio-a-tormenta-russell-moore\/","title":{"rendered":"Fam\u00edlia Em Meio \u00c0 Tormenta &#8211; Russell Moore"},"content":{"rendered":"<p>A fam\u00edlia pode ser a fonte de algumas das experi\u00eancias humanas mais gratificantes e, ao mesmo tempo, pode nos despeda\u00e7ar. Pode nos tornar quem somos, e tamb\u00e9m partir nosso cora\u00e7\u00e3o.<\/p>\n<p>Por que esse arranjo social exerce tanto poder, para o bem ou para o mal, sobre n\u00f3s? A fam\u00edlia em meio \u00e0 tormenta traz uma abordagem inovadora para entender a complexidade da rela\u00e7\u00e3o familiar. A experi\u00eancia de alegria e dor nos remete \u00e0 cruz e, \u00e0 medida que ela se torna refer\u00eancia para a fam\u00edlia, somos capazes de resistir \u00e0s tormentas pr\u00f3prias desse conv\u00edvio.<\/p>\n<p>Sua fam\u00edlia, seja ela qual for, o aben\u00e7oar\u00e1 de tantas formas que talvez voc\u00ea nem se d\u00ea conta em meio \u00e0 agita\u00e7\u00e3o das muitas obriga\u00e7\u00f5es do momento. Pare e observe essas b\u00ean\u00e7\u00e3os. Ou\u00e7a o que Deus est\u00e1 lhe dizendo por meio dos membros de sua fam\u00edlia.<\/p>\n<p>Eles o levar\u00e3o aonde voc\u00ea nunca esperou ir. Mas n\u00e3o h\u00e1 raz\u00e3o para temer. O caminho \u00e0 sua frente \u00e9 o caminho da cruz. Russell Moore Ao compartilhar fracassos e falhas na experi\u00eancia familiar, Russell Moore nos lembra de que a gra\u00e7a de Deus desmitifica a fam\u00edlia como ideal de perfei\u00e7\u00e3o e a coloca em seu devido lugar: uma experi\u00eancia \u00fanica marcada pela vulnerabilidade, mas que pode ser redimida pela cruz.<\/p>\n","protected":false},"excerpt":{"rendered":"<p>A fam\u00edlia pode ser a fonte de algumas das experi\u00eancias humanas mais gratificantes e, ao mesmo tempo, pode nos despeda\u00e7ar.&hellip;<\/p>\n","protected":false},"featured_media":332829,"comment_status":"open","ping_status":"closed","template":"","meta":[],"product_cat":[178,134],"product_tag":[],"_links":{"self":[{"href":"https:\/\/www.livrariarema.com.br\/loja\/wp-json\/wp\/v2\/product\/332830"}],"collection":[{"href":"https:\/\/www.livrariarema.com.br\/loja\/wp-json\/wp\/v2\/product"}],"about":[{"href":"https:\/\/www.livrariarema.com.br\/loja\/wp-json\/wp\/v2\/types\/product"}],"replies":[{"embeddable":true,"href":"https:\/\/www.livrariarema.com.br\/loja\/wp-json\/wp\/v2\/comments?post=332830"}],"wp:featuredmedia":[{"embeddable":true,"href":"https:\/\/www.livrariarema.com.br\/loja\/wp-json\/wp\/v2\/media\/332829"}],"wp:attachment":[{"href":"https:\/\/www.livrariarema.com.br\/loja\/wp-json\/wp\/v2\/media?parent=332830"}],"wp:term":[{"taxonomy":"product_cat","embeddable":true,"href":"https:\/\/www.livrariarema.com.br\/loja\/wp-json\/wp\/v2\/product_cat?post=332830"},{"taxonomy":"product_tag","embeddable":true,"href":"https:\/\/www.livrariarema.com.br\/loja\/wp-json\/wp\/v2\/product_tag?post=332830"}],"curies":[{"name":"wp","href":"https:\/\/api.w.org\/{rel}","templated":true}]}}