{"id":333089,"date":"2025-07-03T09:50:21","date_gmt":"2025-07-03T12:50:21","guid":{"rendered":"https:\/\/www.livrariarema.com.br\/loja\/produtos\/sem categoria\/biblia-reina-valera-letra-super-gigante-capa-dura-leon-fuego\/"},"modified":"2025-10-07T16:22:47","modified_gmt":"2025-10-07T19:22:47","slug":"biblia-reina-valera-letra-super-gigante-capa-dura-leon-fuego","status":"publish","type":"product","link":"https:\/\/www.livrariarema.com.br\/loja\/produtos\/biblias\/outros-idiomas\/biblia-reina-valera-letra-super-gigante-capa-dura-leon-fuego\/","title":{"rendered":"B\u00edblia Reina-Valera &#8211; Letra Super Gigante &#8211; Capa Dura &#8211; Le\u00f3n Fuego"},"content":{"rendered":"<p>B\u00edblia Sagrada traduzida para o idioma espanhol com linguagem RVT, Reina Valera Tradicional.<\/p>\n<p>Esta obra fue desarrollada por la Casa Publicadora Paulista, con revisi\u00f3n ortogr\u00e1fica y actualizaci\u00f3n de algunas palabras que estaban en espa\u00f1ol arcaico, a partir de la edici\u00f3n de la Santa Biblia de 1909, revisi\u00f3n que tuvo como base la versi\u00f3n de Casiodoro de Reina de 1569,y las revisiones de Cipriano de Valera de 1602 e otras de 1862 e 1909.<\/p>\n","protected":false},"excerpt":{"rendered":"<p>B\u00edblia Sagrada traduzida para o idioma espanhol com linguagem RVT, Reina Valera Tradicional. Esta obra fue desarrollada por la Casa&hellip;<\/p>\n","protected":false},"featured_media":333569,"comment_status":"open","ping_status":"closed","template":"","meta":[],"product_cat":[139,141],"product_tag":[],"_links":{"self":[{"href":"https:\/\/www.livrariarema.com.br\/loja\/wp-json\/wp\/v2\/product\/333089"}],"collection":[{"href":"https:\/\/www.livrariarema.com.br\/loja\/wp-json\/wp\/v2\/product"}],"about":[{"href":"https:\/\/www.livrariarema.com.br\/loja\/wp-json\/wp\/v2\/types\/product"}],"replies":[{"embeddable":true,"href":"https:\/\/www.livrariarema.com.br\/loja\/wp-json\/wp\/v2\/comments?post=333089"}],"wp:featuredmedia":[{"embeddable":true,"href":"https:\/\/www.livrariarema.com.br\/loja\/wp-json\/wp\/v2\/media\/333569"}],"wp:attachment":[{"href":"https:\/\/www.livrariarema.com.br\/loja\/wp-json\/wp\/v2\/media?parent=333089"}],"wp:term":[{"taxonomy":"product_cat","embeddable":true,"href":"https:\/\/www.livrariarema.com.br\/loja\/wp-json\/wp\/v2\/product_cat?post=333089"},{"taxonomy":"product_tag","embeddable":true,"href":"https:\/\/www.livrariarema.com.br\/loja\/wp-json\/wp\/v2\/product_tag?post=333089"}],"curies":[{"name":"wp","href":"https:\/\/api.w.org\/{rel}","templated":true}]}}