{"id":333143,"date":"2025-07-03T11:14:02","date_gmt":"2025-07-03T14:14:02","guid":{"rendered":"https:\/\/www.livrariarema.com.br\/loja\/produtos\/sem categoria\/alcancando-a-cura-e-a-libertacao-pela-fe-charles-spurgeon\/"},"modified":"2025-10-17T16:00:50","modified_gmt":"2025-10-17T19:00:50","slug":"alcancando-a-cura-e-a-libertacao-pela-fe-charles-spurgeon","status":"publish","type":"product","link":"https:\/\/www.livrariarema.com.br\/loja\/produtos\/livros\/vida-crista\/alcancando-a-cura-e-a-libertacao-pela-fe-charles-spurgeon\/","title":{"rendered":"Alcan\u00e7ando A Cura E A Liberta\u00e7\u00e3o Pela F\u00e9 &#8211; Charles Spurgeon"},"content":{"rendered":"<p>Liberdade e cura s\u00e3o temas centrais da B\u00edblia, o pr\u00f3prio Jesus Cristo referiu-se a eles e, por sua vez, Paulo tamb\u00e9m fez o mesmo.<\/p>\n<p>Portanto, os temas de cura e liberta\u00e7\u00e3o est\u00e3o presentes na Sagrada Escritura de Deus. O que falta para n\u00f3s \u00e9 entender o que estes temas realmente significam, pois liberdade aos cativos e cura dos enfermos n\u00e3o s\u00e3o meras a\u00e7\u00f5es m\u00edsticas, s\u00e3o a manifesta\u00e7\u00e3o da vontade de Deus no mundo atrav\u00e9s da Sua Igreja.<\/p>\n","protected":false},"excerpt":{"rendered":"<p>Liberdade e cura s\u00e3o temas centrais da B\u00edblia, o pr\u00f3prio Jesus Cristo referiu-se a eles e, por sua vez, Paulo&hellip;<\/p>\n","protected":false},"featured_media":333658,"comment_status":"open","ping_status":"closed","template":"","meta":[],"product_cat":[134,137],"product_tag":[],"_links":{"self":[{"href":"https:\/\/www.livrariarema.com.br\/loja\/wp-json\/wp\/v2\/product\/333143"}],"collection":[{"href":"https:\/\/www.livrariarema.com.br\/loja\/wp-json\/wp\/v2\/product"}],"about":[{"href":"https:\/\/www.livrariarema.com.br\/loja\/wp-json\/wp\/v2\/types\/product"}],"replies":[{"embeddable":true,"href":"https:\/\/www.livrariarema.com.br\/loja\/wp-json\/wp\/v2\/comments?post=333143"}],"wp:featuredmedia":[{"embeddable":true,"href":"https:\/\/www.livrariarema.com.br\/loja\/wp-json\/wp\/v2\/media\/333658"}],"wp:attachment":[{"href":"https:\/\/www.livrariarema.com.br\/loja\/wp-json\/wp\/v2\/media?parent=333143"}],"wp:term":[{"taxonomy":"product_cat","embeddable":true,"href":"https:\/\/www.livrariarema.com.br\/loja\/wp-json\/wp\/v2\/product_cat?post=333143"},{"taxonomy":"product_tag","embeddable":true,"href":"https:\/\/www.livrariarema.com.br\/loja\/wp-json\/wp\/v2\/product_tag?post=333143"}],"curies":[{"name":"wp","href":"https:\/\/api.w.org\/{rel}","templated":true}]}}