{"id":333155,"date":"2025-07-03T11:14:33","date_gmt":"2025-07-03T14:14:33","guid":{"rendered":"https:\/\/www.livrariarema.com.br\/loja\/produtos\/sem%20categoria\/adoracao-transformadora-charles-spurgeon\/"},"modified":"2025-10-06T10:51:15","modified_gmt":"2025-10-06T13:51:15","slug":"adoracao-transformadora-charles-spurgeon","status":"publish","type":"product","link":"https:\/\/www.livrariarema.com.br\/loja\/produtos\/livros\/vida-crista\/adoracao-transformadora-charles-spurgeon\/","title":{"rendered":"Adora\u00e7\u00e3o Transformadora &#8211; Charles Spurgeon"},"content":{"rendered":"<p>Charles Spurgeon \u00e9 um dos mais conhecidos pregadores e te\u00f3logos do s\u00e9culo XIX, e em seu livro &#8220;Adora\u00e7\u00e3o Transformadora&#8221;, ele oferece uma vis\u00e3o profunda e pr\u00e1tica sobre o papel que a adora\u00e7\u00e3o desempenha na transforma\u00e7\u00e3o de nossas vidas.<\/p>\n<p>Com sua eloqu\u00eancia e profundidade caracter\u00edsticas, Spurgeon nos leva a entender que a adora\u00e7\u00e3o n\u00e3o \u00e9 apenas um momento de louvor e devo\u00e7\u00e3o a Deus, mas \u00e9 algo que deve impregnar todas as \u00e1reas de nossa vida, transformando-nos de dentro para fora.<\/p>\n","protected":false},"excerpt":{"rendered":"<p>Charles Spurgeon \u00e9 um dos mais conhecidos pregadores e te\u00f3logos do s\u00e9culo XIX, e em seu livro &#8220;Adora\u00e7\u00e3o Transformadora&#8221;, ele&hellip;<\/p>\n","protected":false},"featured_media":333671,"comment_status":"open","ping_status":"closed","template":"","meta":[],"product_cat":[134,137],"product_tag":[],"_links":{"self":[{"href":"https:\/\/www.livrariarema.com.br\/loja\/wp-json\/wp\/v2\/product\/333155"}],"collection":[{"href":"https:\/\/www.livrariarema.com.br\/loja\/wp-json\/wp\/v2\/product"}],"about":[{"href":"https:\/\/www.livrariarema.com.br\/loja\/wp-json\/wp\/v2\/types\/product"}],"replies":[{"embeddable":true,"href":"https:\/\/www.livrariarema.com.br\/loja\/wp-json\/wp\/v2\/comments?post=333155"}],"wp:featuredmedia":[{"embeddable":true,"href":"https:\/\/www.livrariarema.com.br\/loja\/wp-json\/wp\/v2\/media\/333671"}],"wp:attachment":[{"href":"https:\/\/www.livrariarema.com.br\/loja\/wp-json\/wp\/v2\/media?parent=333155"}],"wp:term":[{"taxonomy":"product_cat","embeddable":true,"href":"https:\/\/www.livrariarema.com.br\/loja\/wp-json\/wp\/v2\/product_cat?post=333155"},{"taxonomy":"product_tag","embeddable":true,"href":"https:\/\/www.livrariarema.com.br\/loja\/wp-json\/wp\/v2\/product_tag?post=333155"}],"curies":[{"name":"wp","href":"https:\/\/api.w.org\/{rel}","templated":true}]}}