{"id":333173,"date":"2025-07-03T11:15:20","date_gmt":"2025-07-03T14:15:20","guid":{"rendered":"https:\/\/www.livrariarema.com.br\/loja\/produtos\/sem%20categoria\/armado-para-guerra-charles-spurgeon\/"},"modified":"2026-02-14T12:51:18","modified_gmt":"2026-02-14T15:51:18","slug":"armado-para-guerra-charles-spurgeon","status":"publish","type":"product","link":"https:\/\/www.livrariarema.com.br\/loja\/produtos\/livros\/vida-crista\/armado-para-guerra-charles-spurgeon\/","title":{"rendered":"Armado Para Guerra &#8211; Charles Spurgeon"},"content":{"rendered":"<p>A vida \u00e9 uma jornada repleta de desafios, muitos deles s\u00e3o invis\u00edveis aos olhos humanos, mas moldam o nosso destino espiritual. Atrav\u00e9s da sabedoria inigual\u00e1vel do pregador Charles Spurgeon, &#8220;Armado para a guerra: Um guia espiritual para a batalha&#8221; nos conduz a uma explora\u00e7\u00e3o inspiradora sobre a batalha espiritual que enfrentamos diariamente.<\/p>\n","protected":false},"excerpt":{"rendered":"<p>A vida \u00e9 uma jornada repleta de desafios, muitos deles s\u00e3o invis\u00edveis aos olhos humanos, mas moldam o nosso destino&hellip;<\/p>\n","protected":false},"featured_media":333698,"comment_status":"open","ping_status":"closed","template":"","meta":[],"product_cat":[134,137],"product_tag":[],"_links":{"self":[{"href":"https:\/\/www.livrariarema.com.br\/loja\/wp-json\/wp\/v2\/product\/333173"}],"collection":[{"href":"https:\/\/www.livrariarema.com.br\/loja\/wp-json\/wp\/v2\/product"}],"about":[{"href":"https:\/\/www.livrariarema.com.br\/loja\/wp-json\/wp\/v2\/types\/product"}],"replies":[{"embeddable":true,"href":"https:\/\/www.livrariarema.com.br\/loja\/wp-json\/wp\/v2\/comments?post=333173"}],"wp:featuredmedia":[{"embeddable":true,"href":"https:\/\/www.livrariarema.com.br\/loja\/wp-json\/wp\/v2\/media\/333698"}],"wp:attachment":[{"href":"https:\/\/www.livrariarema.com.br\/loja\/wp-json\/wp\/v2\/media?parent=333173"}],"wp:term":[{"taxonomy":"product_cat","embeddable":true,"href":"https:\/\/www.livrariarema.com.br\/loja\/wp-json\/wp\/v2\/product_cat?post=333173"},{"taxonomy":"product_tag","embeddable":true,"href":"https:\/\/www.livrariarema.com.br\/loja\/wp-json\/wp\/v2\/product_tag?post=333173"}],"curies":[{"name":"wp","href":"https:\/\/api.w.org\/{rel}","templated":true}]}}