{"id":333179,"date":"2025-07-03T11:15:34","date_gmt":"2025-07-03T14:15:34","guid":{"rendered":"https:\/\/www.livrariarema.com.br\/loja\/produtos\/sem categoria\/a-essencia-da-oracao-charles-spurgeon\/"},"modified":"2025-10-01T16:10:24","modified_gmt":"2025-10-01T19:10:24","slug":"a-essencia-da-oracao-charles-spurgeon","status":"publish","type":"product","link":"https:\/\/www.livrariarema.com.br\/loja\/produtos\/livros\/vida-crista\/a-essencia-da-oracao-charles-spurgeon\/","title":{"rendered":"A Ess\u00eancia Da Ora\u00e7\u00e3o &#8211; Charles Spurgeon"},"content":{"rendered":"<p>Charles Spurgeon (1834-1892) foi um pregador ingl\u00eas que, mais de um s\u00e9culo ap\u00f3s seu falecimento, ainda inspira fi\u00e9is no mundo todo com seus ensinamentos.<\/p>\n<p>Spurgeon \u00e9 um dos mais importantes pregadores de seu tempo e um exemplo de crist\u00e3o que professa a Gra\u00e7a de Deus a multid\u00f5es.<\/p>\n<p>Dentre as tem\u00e1ticas que Spurgeon abrangeu em suas falas, a ora\u00e7\u00e3o mostra-se como necess\u00e1ria a todos os crist\u00e3os. Afinal, a conversa com Deus \u00e9 essencial para que Lhe provemos a nossa f\u00e9. Nesta obra, seis textos especialmente selecionados dissertam sobre a ora\u00e7\u00e3o e a rela\u00e7\u00e3o dela conosco e com Cristo.<\/p>\n","protected":false},"excerpt":{"rendered":"<p>Charles Spurgeon (1834-1892) foi um pregador ingl\u00eas que, mais de um s\u00e9culo ap\u00f3s seu falecimento, ainda inspira fi\u00e9is no mundo&hellip;<\/p>\n","protected":false},"featured_media":333704,"comment_status":"open","ping_status":"closed","template":"","meta":[],"product_cat":[134,137],"product_tag":[],"_links":{"self":[{"href":"https:\/\/www.livrariarema.com.br\/loja\/wp-json\/wp\/v2\/product\/333179"}],"collection":[{"href":"https:\/\/www.livrariarema.com.br\/loja\/wp-json\/wp\/v2\/product"}],"about":[{"href":"https:\/\/www.livrariarema.com.br\/loja\/wp-json\/wp\/v2\/types\/product"}],"replies":[{"embeddable":true,"href":"https:\/\/www.livrariarema.com.br\/loja\/wp-json\/wp\/v2\/comments?post=333179"}],"wp:featuredmedia":[{"embeddable":true,"href":"https:\/\/www.livrariarema.com.br\/loja\/wp-json\/wp\/v2\/media\/333704"}],"wp:attachment":[{"href":"https:\/\/www.livrariarema.com.br\/loja\/wp-json\/wp\/v2\/media?parent=333179"}],"wp:term":[{"taxonomy":"product_cat","embeddable":true,"href":"https:\/\/www.livrariarema.com.br\/loja\/wp-json\/wp\/v2\/product_cat?post=333179"},{"taxonomy":"product_tag","embeddable":true,"href":"https:\/\/www.livrariarema.com.br\/loja\/wp-json\/wp\/v2\/product_tag?post=333179"}],"curies":[{"name":"wp","href":"https:\/\/api.w.org\/{rel}","templated":true}]}}