{"id":333758,"date":"2025-07-14T09:44:26","date_gmt":"2025-07-14T12:44:26","guid":{"rendered":"https:\/\/www.livrariarema.com.br\/loja\/produtos\/sem%20categoria\/em-suas-maos-fernanda-oliveira\/"},"modified":"2025-12-29T10:00:46","modified_gmt":"2025-12-29T13:00:46","slug":"em-suas-maos-fernanda-oliveira","status":"publish","type":"product","link":"https:\/\/www.livrariarema.com.br\/loja\/produtos\/livros\/biografia\/em-suas-maos-fernanda-oliveira\/","title":{"rendered":"Em Suas M\u00e3os &#8211; Fernanda Oliveira"},"content":{"rendered":"<p>Am\u00e9lia \u00e9 uma jovem cheia de sonhos e finalmente est\u00e1 quase alcan\u00e7ando seu sonho de ser uma grande musicista.<br \/>\nPorem, um dia, Am\u00e9lia v\u00ea a sua vida virar de cabe\u00e7a para baixo ao descobrir uma doen\u00e7a cr\u00f4nica e degenerativa.<\/p>\n<p>&#8220;Ver a evolu\u00e7\u00e3o da doen\u00e7a \u00e9 triste, mas \u00e9 um milagre continuar sorrindo mesmo depois de tudo. Sim, todos esperam o milagre da cura, mas a paz, a alegria, a satisfa\u00e7\u00e3o em Cristo, s\u00e3o pequenos milagres que Deus pode fazer em n\u00f3s todos os dias&#8221;.<\/p>\n","protected":false},"excerpt":{"rendered":"<p>Am\u00e9lia \u00e9 uma jovem cheia de sonhos e finalmente est\u00e1 quase alcan\u00e7ando seu sonho de ser uma grande musicista. Porem,&hellip;<\/p>\n","protected":false},"featured_media":342084,"comment_status":"open","ping_status":"closed","template":"","meta":[],"product_cat":[181,134],"product_tag":[],"_links":{"self":[{"href":"https:\/\/www.livrariarema.com.br\/loja\/wp-json\/wp\/v2\/product\/333758"}],"collection":[{"href":"https:\/\/www.livrariarema.com.br\/loja\/wp-json\/wp\/v2\/product"}],"about":[{"href":"https:\/\/www.livrariarema.com.br\/loja\/wp-json\/wp\/v2\/types\/product"}],"replies":[{"embeddable":true,"href":"https:\/\/www.livrariarema.com.br\/loja\/wp-json\/wp\/v2\/comments?post=333758"}],"wp:featuredmedia":[{"embeddable":true,"href":"https:\/\/www.livrariarema.com.br\/loja\/wp-json\/wp\/v2\/media\/342084"}],"wp:attachment":[{"href":"https:\/\/www.livrariarema.com.br\/loja\/wp-json\/wp\/v2\/media?parent=333758"}],"wp:term":[{"taxonomy":"product_cat","embeddable":true,"href":"https:\/\/www.livrariarema.com.br\/loja\/wp-json\/wp\/v2\/product_cat?post=333758"},{"taxonomy":"product_tag","embeddable":true,"href":"https:\/\/www.livrariarema.com.br\/loja\/wp-json\/wp\/v2\/product_tag?post=333758"}],"curies":[{"name":"wp","href":"https:\/\/api.w.org\/{rel}","templated":true}]}}