{"id":333963,"date":"2025-07-18T12:23:23","date_gmt":"2025-07-18T15:23:23","guid":{"rendered":"https:\/\/www.livrariarema.com.br\/loja\/produtos\/sem%20categoria\/limites-claros-distancias-necessarias-lysa-terkeurst\/"},"modified":"2026-03-26T13:50:58","modified_gmt":"2026-03-26T16:50:58","slug":"limites-claros-distancias-necessarias-lysa-terkeurst","status":"publish","type":"product","link":"https:\/\/www.livrariarema.com.br\/loja\/produtos\/livros\/mulher\/limites-claros-distancias-necessarias-lysa-terkeurst\/","title":{"rendered":"Limites Claros, Dist\u00e2ncias Necess\u00e1rias &#8211; Lysa Terkeurst"},"content":{"rendered":"<p>&#8220;Relacionamentos s\u00e3o como jardins: precisam de cuidado, mas tamb\u00e9m de limites claros para florescer.<\/p>\n<p>Quando o amor se confunde com dor, como saber se \u00e9 hora de estabelecer barreiras ou de seguir em frente? Lysa TerKeurst mergulha nessa quest\u00e3o delicada, unindo experi\u00eancia pessoal, fundamenta\u00e7\u00e3o b\u00edblica e insights terap\u00eauticos para guiar voc\u00ea na constru\u00e7\u00e3o de v\u00ednculos saud\u00e1veis &#8211; sem abrir m\u00e3o de sua pr\u00f3pria paz.<\/p>\n<p>Nesta obra transformadora, voc\u00ea descobrir\u00e1:<br \/>\n&#8211; Os 5 pilares dos limites saud\u00e1veis &#8211; porque amar n\u00e3o significa aceitar tudo.<br \/>\n&#8211; Como dosear confian\u00e7a sem fechar o cora\u00e7\u00e3o ou se perder em rela\u00e7\u00f5es t\u00f3xicas.<br \/>\n&#8211; A verdade por tr\u00e1s de vers\u00edculos mal interpretados que perpetuam ciclos de culpa.<br \/>\n&#8211; Estrat\u00e9gias pr\u00e1ticas para comunicar suas necessidades e manter padr\u00f5es que honrem a Deus e a voc\u00ea.<br \/>\n&#8211; Quando (e como) partir &#8211; sem carregar o peso de um &#8220;n\u00e3o&#8221; dado em amor.<\/p>\n<p>Com contribui\u00e7\u00f5es do conselheiro crist\u00e3o Jim Cress, este livro \u00e9 um convite a respirar aliviado: limites n\u00e3o s\u00e3o falhas no amor, mas sim a forma divina de preserv\u00e1-lo.&#8221;<\/p>\n","protected":false},"excerpt":{"rendered":"<p>&#8220;Relacionamentos s\u00e3o como jardins: precisam de cuidado, mas tamb\u00e9m de limites claros para florescer. Quando o amor se confunde com&hellip;<\/p>\n","protected":false},"featured_media":345971,"comment_status":"open","ping_status":"closed","template":"","meta":[],"product_cat":[134,170],"product_tag":[],"_links":{"self":[{"href":"https:\/\/www.livrariarema.com.br\/loja\/wp-json\/wp\/v2\/product\/333963"}],"collection":[{"href":"https:\/\/www.livrariarema.com.br\/loja\/wp-json\/wp\/v2\/product"}],"about":[{"href":"https:\/\/www.livrariarema.com.br\/loja\/wp-json\/wp\/v2\/types\/product"}],"replies":[{"embeddable":true,"href":"https:\/\/www.livrariarema.com.br\/loja\/wp-json\/wp\/v2\/comments?post=333963"}],"wp:featuredmedia":[{"embeddable":true,"href":"https:\/\/www.livrariarema.com.br\/loja\/wp-json\/wp\/v2\/media\/345971"}],"wp:attachment":[{"href":"https:\/\/www.livrariarema.com.br\/loja\/wp-json\/wp\/v2\/media?parent=333963"}],"wp:term":[{"taxonomy":"product_cat","embeddable":true,"href":"https:\/\/www.livrariarema.com.br\/loja\/wp-json\/wp\/v2\/product_cat?post=333963"},{"taxonomy":"product_tag","embeddable":true,"href":"https:\/\/www.livrariarema.com.br\/loja\/wp-json\/wp\/v2\/product_tag?post=333963"}],"curies":[{"name":"wp","href":"https:\/\/api.w.org\/{rel}","templated":true}]}}