{"id":333981,"date":"2025-07-18T12:24:12","date_gmt":"2025-07-18T15:24:12","guid":{"rendered":"https:\/\/www.livrariarema.com.br\/loja\/produtos\/sem%20categoria\/cultuando-em-familia-wilzy-adorno\/"},"modified":"2026-03-27T14:41:12","modified_gmt":"2026-03-27T17:41:12","slug":"cultuando-em-familia-wilzy-adorno","status":"publish","type":"product","link":"https:\/\/www.livrariarema.com.br\/loja\/produtos\/livros\/educacao-crista\/cultuando-em-familia-wilzy-adorno\/","title":{"rendered":"Cole\u00e7\u00e3o Vida Em Fam\u00edlia &#8211; Cultuando Em Fam\u00edlia &#8211; Wilzy Adorno"},"content":{"rendered":"<p>Em tempos nos quais o cora\u00e7\u00e3o das fam\u00edlias est\u00e1 disperso e os altares dom\u00e9sticos quase esquecidos, Cultuando em fam\u00edlia surge como um chamado urgente \u00e0 restaura\u00e7\u00e3o da adora\u00e7\u00e3o no lugar mais sagrado: o lar. Ancorado nas Escrituras, este livro convida pais e filhos a redescobrirem o culto dom\u00e9stico, n\u00e3o como uma obriga\u00e7\u00e3o religiosa, mas como um caminho de cura, edifica\u00e7\u00e3o e avivamento espiritual.<\/p>\n<p>Ao longo de 52 roteiros semanais, preparados com simplicidade e profundidade, cada fam\u00edlia \u00e9 conduzida a transformar sua casa em um verdadeiro altar de adora\u00e7\u00e3o a Deus. Reflex\u00f5es pr\u00e1ticas, perguntas que despertam o di\u00e1logo e atividades que aproximam cora\u00e7\u00f5es tornam essa jornada leve, intencional e transformadora. Mais do que um guia, esta obra \u00e9 um sopro de vida sobre lares cansados e cora\u00e7\u00f5es sedentos. Um convite para reacender o sacerd\u00f3cio no cora\u00e7\u00e3o dos pais e formar filhos enraizados na Palavra. A cada semana, o cora\u00e7\u00e3o dos pais se volta aos filhos, e o dos filhos aos pais, estendendo os frutos do culto para al\u00e9m daquele momento.<\/p>\n<p>Esta obra ensinar\u00e1 voc\u00ea a tornar sua casa um altar vivo, onde a Palavra governa, o amor floresce e a presen\u00e7a de Deus transforma gera\u00e7\u00f5es.<\/p>\n","protected":false},"excerpt":{"rendered":"<p>Em tempos nos quais o cora\u00e7\u00e3o das fam\u00edlias est\u00e1 disperso e os altares dom\u00e9sticos quase esquecidos, Cultuando em fam\u00edlia surge&hellip;<\/p>\n","protected":false},"featured_media":338925,"comment_status":"open","ping_status":"closed","template":"","meta":[],"product_cat":[169,134],"product_tag":[],"_links":{"self":[{"href":"https:\/\/www.livrariarema.com.br\/loja\/wp-json\/wp\/v2\/product\/333981"}],"collection":[{"href":"https:\/\/www.livrariarema.com.br\/loja\/wp-json\/wp\/v2\/product"}],"about":[{"href":"https:\/\/www.livrariarema.com.br\/loja\/wp-json\/wp\/v2\/types\/product"}],"replies":[{"embeddable":true,"href":"https:\/\/www.livrariarema.com.br\/loja\/wp-json\/wp\/v2\/comments?post=333981"}],"wp:featuredmedia":[{"embeddable":true,"href":"https:\/\/www.livrariarema.com.br\/loja\/wp-json\/wp\/v2\/media\/338925"}],"wp:attachment":[{"href":"https:\/\/www.livrariarema.com.br\/loja\/wp-json\/wp\/v2\/media?parent=333981"}],"wp:term":[{"taxonomy":"product_cat","embeddable":true,"href":"https:\/\/www.livrariarema.com.br\/loja\/wp-json\/wp\/v2\/product_cat?post=333981"},{"taxonomy":"product_tag","embeddable":true,"href":"https:\/\/www.livrariarema.com.br\/loja\/wp-json\/wp\/v2\/product_tag?post=333981"}],"curies":[{"name":"wp","href":"https:\/\/api.w.org\/{rel}","templated":true}]}}

Coleção Vida Em Família &#8211; Cultuando Em Família &#8211; Wilzy Adorno

<p>Em tempos nos quais o coração das famílias está disperso e os altares domésticos quase esquecidos, Cultuando em família surge como um chamado urgente à restauração da adoração no lugar mais sagrado: o lar. Ancorado nas Escrituras, este livro convida pais e filhos a redescobrirem o culto doméstico, não como uma obrigação religiosa, mas como um caminho de cura, edificação e avivamento espiritual.</p>
<p>Ao longo de 52 roteiros semanais, preparados com simplicidade e profundidade, cada família é conduzida a transformar sua casa em um verdadeiro altar de adoração a Deus. Reflexões práticas, perguntas que despertam o diálogo e atividades que aproximam corações tornam essa jornada leve, intencional e transformadora. Mais do que um guia, esta obra é um sopro de vida sobre lares cansados e corações sedentos. Um convite para reacender o sacerdócio no coração dos pais e formar filhos enraizados na Palavra. A cada semana, o coração dos pais se volta aos filhos, e o dos filhos aos pais, estendendo os frutos do culto para além daquele momento.</p>
<p>Esta obra ensinará você a tornar sua casa um altar vivo, onde a Palavra governa, o amor floresce e a presença de Deus transforma gerações.</p>

<p>Em tempos nos quais o coração das famílias está disperso e os altares domésticos quase esquecidos, Cultuando em família surge&hellip;</p>
