{"id":334075,"date":"2025-07-23T14:12:28","date_gmt":"2025-07-23T17:12:28","guid":{"rendered":"https:\/\/www.livrariarema.com.br\/loja\/produtos\/sem categoria\/biblia-nvi-slim-couro-soft-letra-grande-luxo-azul-barroca\/"},"modified":"2026-03-04T12:25:08","modified_gmt":"2026-03-04T15:25:08","slug":"biblia-nvi-slim-couro-soft-letra-grande-luxo-azul-barroca","status":"publish","type":"product","link":"https:\/\/www.livrariarema.com.br\/loja\/produtos\/biblias\/nvi\/biblia-nvi-slim-couro-soft-letra-grande-luxo-azul-barroca\/","title":{"rendered":"B\u00edblia &#8211; Nvi &#8211; Slim &#8211; Couro Soft &#8211; Letra Grande &#8211; Luxo &#8211; Azul &#8211; Barroca"},"content":{"rendered":"<p>A B\u00edblia Slim NVI, Letra Grande, Couro-soft azul, Luxo, Barroca combina os benef\u00edcios de uma B\u00edblia compacta com a qualidade Thomas Nelson Brasil. Ela oferece uma leitura confort\u00e1vel, facilidade no manuseio, toque macio na capa e acabamento luxo.  <\/p>\n<p>Caracter\u00edsticas:<br \/>\nTexto na tradu\u00e7\u00e3o NVI (Nova Vers\u00e3o Internacional)<br \/>\nLetra grande<br \/>\nCapa em Couro-soft (PU)<br \/>\nTrilateral dourada<br \/>\nAplica\u00e7\u00e3o de hotstamp<br \/>\nFitilho colorido<\/p>\n","protected":false},"excerpt":{"rendered":"<p>A B\u00edblia Slim NVI, Letra Grande, Couro-soft azul, Luxo, Barroca combina os benef\u00edcios de uma B\u00edblia compacta com a qualidade&hellip;<\/p>\n","protected":false},"featured_media":345748,"comment_status":"open","ping_status":"closed","template":"","meta":[],"product_cat":[139,166],"product_tag":[],"_links":{"self":[{"href":"https:\/\/www.livrariarema.com.br\/loja\/wp-json\/wp\/v2\/product\/334075"}],"collection":[{"href":"https:\/\/www.livrariarema.com.br\/loja\/wp-json\/wp\/v2\/product"}],"about":[{"href":"https:\/\/www.livrariarema.com.br\/loja\/wp-json\/wp\/v2\/types\/product"}],"replies":[{"embeddable":true,"href":"https:\/\/www.livrariarema.com.br\/loja\/wp-json\/wp\/v2\/comments?post=334075"}],"wp:featuredmedia":[{"embeddable":true,"href":"https:\/\/www.livrariarema.com.br\/loja\/wp-json\/wp\/v2\/media\/345748"}],"wp:attachment":[{"href":"https:\/\/www.livrariarema.com.br\/loja\/wp-json\/wp\/v2\/media?parent=334075"}],"wp:term":[{"taxonomy":"product_cat","embeddable":true,"href":"https:\/\/www.livrariarema.com.br\/loja\/wp-json\/wp\/v2\/product_cat?post=334075"},{"taxonomy":"product_tag","embeddable":true,"href":"https:\/\/www.livrariarema.com.br\/loja\/wp-json\/wp\/v2\/product_tag?post=334075"}],"curies":[{"name":"wp","href":"https:\/\/api.w.org\/{rel}","templated":true}]}}