{"id":334078,"date":"2025-07-23T14:12:39","date_gmt":"2025-07-23T17:12:39","guid":{"rendered":"https:\/\/www.livrariarema.com.br\/loja\/produtos\/sem categoria\/boxen-cronicas-de-infancia-antes-de-narnia-c-s-lewis\/"},"modified":"2025-09-30T12:25:30","modified_gmt":"2025-09-30T15:25:30","slug":"boxen-cronicas-de-infancia-antes-de-narnia-c-s-lewis","status":"publish","type":"product","link":"https:\/\/www.livrariarema.com.br\/loja\/produtos\/livros\/ficcao\/boxen-cronicas-de-infancia-antes-de-narnia-c-s-lewis\/","title":{"rendered":"Boxen &#8211; Cr\u00f4nicas De Inf\u00e2ncia Antes De N\u00e1rnia &#8211; C. S. Lewis"},"content":{"rendered":"<p>Quase meio s\u00e9culo antes da publica\u00e7\u00e3o de As Cr\u00f4nicas de N\u00e1rnia, C. S. Lewis criou outro mundo imagin\u00e1rio: Boxen, formado pelos reinos de Terranimal e da \u00cdndia. As primeiras hist\u00f3rias foram escritas por ele e seu irm\u00e3o, Warnie, quando tinham 8 e 11 anos, respectivamente. Por mais de uma d\u00e9cada, os dois continuaram a expandir suas narrativas com pe\u00e7as, contos, cronologias, ilustra\u00e7\u00f5es e at\u00e9 mapas.<br \/>\nEsta edi\u00e7\u00e3o re\u00fane os escritos sobreviventes sobre o universo de Boxen, incluindo ilustra\u00e7\u00f5es do autor e p\u00e1ginas fac-s\u00edmiles dos manuscritos originais. Conta tamb\u00e9m com uma introdu\u00e7\u00e3o de Douglas Grasham e um posf\u00e1cio de Walter Hooper. Para os leitores cativados pela magia de N\u00e1rnia, Boxen abrir\u00e1 as portas para mais uma fascinante terra encantada.<\/p>\n","protected":false},"excerpt":{"rendered":"<p>Quase meio s\u00e9culo antes da publica\u00e7\u00e3o de As Cr\u00f4nicas de N\u00e1rnia, C. S. Lewis criou outro mundo imagin\u00e1rio: Boxen, formado&hellip;<\/p>\n","protected":false},"featured_media":338979,"comment_status":"open","ping_status":"closed","template":"","meta":[],"product_cat":[162,134],"product_tag":[],"_links":{"self":[{"href":"https:\/\/www.livrariarema.com.br\/loja\/wp-json\/wp\/v2\/product\/334078"}],"collection":[{"href":"https:\/\/www.livrariarema.com.br\/loja\/wp-json\/wp\/v2\/product"}],"about":[{"href":"https:\/\/www.livrariarema.com.br\/loja\/wp-json\/wp\/v2\/types\/product"}],"replies":[{"embeddable":true,"href":"https:\/\/www.livrariarema.com.br\/loja\/wp-json\/wp\/v2\/comments?post=334078"}],"wp:featuredmedia":[{"embeddable":true,"href":"https:\/\/www.livrariarema.com.br\/loja\/wp-json\/wp\/v2\/media\/338979"}],"wp:attachment":[{"href":"https:\/\/www.livrariarema.com.br\/loja\/wp-json\/wp\/v2\/media?parent=334078"}],"wp:term":[{"taxonomy":"product_cat","embeddable":true,"href":"https:\/\/www.livrariarema.com.br\/loja\/wp-json\/wp\/v2\/product_cat?post=334078"},{"taxonomy":"product_tag","embeddable":true,"href":"https:\/\/www.livrariarema.com.br\/loja\/wp-json\/wp\/v2\/product_tag?post=334078"}],"curies":[{"name":"wp","href":"https:\/\/api.w.org\/{rel}","templated":true}]}}