{"id":334095,"date":"2025-07-23T14:13:38","date_gmt":"2025-07-23T17:13:38","guid":{"rendered":"https:\/\/www.livrariarema.com.br\/loja\/produtos\/sem%20categoria\/segredo-da-virtuosa-o-mauricio-zagari\/"},"modified":"2026-04-23T15:20:51","modified_gmt":"2026-04-23T18:20:51","slug":"segredo-da-virtuosa-o-mauricio-zagari","status":"publish","type":"product","link":"https:\/\/www.livrariarema.com.br\/loja\/produtos\/livros\/ficcao\/segredo-da-virtuosa-o-mauricio-zagari\/","title":{"rendered":"Segredo Da Virtuosa, O &#8211; Maur\u00edcio Z\u00e1gari"},"content":{"rendered":"<p>&#8220;VOC\u00ca TEM AT\u00c9 AS 20H PARA ME ENCONTRAR. DEPOIS DISSO. SUMO PARA SEMPRE.&#8221;<\/p>\n<p>Quando Laura, uma jovem influencer crist\u00e3, l\u00ea essa mensagem desesperada de Carol, uma seguidora que ela mal conhece, seu mundo vira do avesso. E se for verdade? E se a vida de uma garota estiver por um fio &#8211; e o tempo estiver correndo?<br \/>\nCom a ajuda de sua melhor amiga, Ol\u00edvia, ela parte em uma jornada pelas ruas da cidade, tentando decifrar um enigma baseado na mulher de Prov\u00e9rbios 31. Mas quanto mais elas investigam, mais surgem d\u00favidas, perigos e reviravoltas. Por que Carol quer desaparecer? Quem \u00e9 a mulher virtuosa da vida dela? E o que pode acontecer se Laura falhar?<\/p>\n","protected":false},"excerpt":{"rendered":"<p>&#8220;VOC\u00ca TEM AT\u00c9 AS 20H PARA ME ENCONTRAR. DEPOIS DISSO. SUMO PARA SEMPRE.&#8221; Quando Laura, uma jovem influencer crist\u00e3, l\u00ea&hellip;<\/p>\n","protected":false},"featured_media":343358,"comment_status":"open","ping_status":"closed","template":"","meta":[],"product_cat":[162,134],"product_tag":[],"_links":{"self":[{"href":"https:\/\/www.livrariarema.com.br\/loja\/wp-json\/wp\/v2\/product\/334095"}],"collection":[{"href":"https:\/\/www.livrariarema.com.br\/loja\/wp-json\/wp\/v2\/product"}],"about":[{"href":"https:\/\/www.livrariarema.com.br\/loja\/wp-json\/wp\/v2\/types\/product"}],"replies":[{"embeddable":true,"href":"https:\/\/www.livrariarema.com.br\/loja\/wp-json\/wp\/v2\/comments?post=334095"}],"wp:featuredmedia":[{"embeddable":true,"href":"https:\/\/www.livrariarema.com.br\/loja\/wp-json\/wp\/v2\/media\/343358"}],"wp:attachment":[{"href":"https:\/\/www.livrariarema.com.br\/loja\/wp-json\/wp\/v2\/media?parent=334095"}],"wp:term":[{"taxonomy":"product_cat","embeddable":true,"href":"https:\/\/www.livrariarema.com.br\/loja\/wp-json\/wp\/v2\/product_cat?post=334095"},{"taxonomy":"product_tag","embeddable":true,"href":"https:\/\/www.livrariarema.com.br\/loja\/wp-json\/wp\/v2\/product_tag?post=334095"}],"curies":[{"name":"wp","href":"https:\/\/api.w.org\/{rel}","templated":true}]}}