{"id":335331,"date":"2025-08-14T10:49:19","date_gmt":"2025-08-14T13:49:19","guid":{"rendered":"https:\/\/www.livrariarema.com.br\/loja\/produtos\/sem categoria\/caneta-gel-tris-holic-all-rose-0-5mm-retratil\/"},"modified":"2026-03-10T13:00:33","modified_gmt":"2026-03-10T16:00:33","slug":"caneta-gel-tris-holic-all-rose-0-5mm-retratil","status":"publish","type":"product","link":"https:\/\/www.livrariarema.com.br\/loja\/produtos\/papelaria\/canetas\/caneta-gel-tris-holic-all-rose-0-5mm-retratil\/","title":{"rendered":"Caneta Gel &#8211; Tris &#8211; Holic &#8211; All Ros\u00e9 &#8211; 0.5Mm &#8211; Retr\u00e1til"},"content":{"rendered":"<p>O rosa nunca sai de moda! A partir de itens em tons rosados, a cole\u00e7\u00e3o A ll Ros\u00e9 d\u00e1 destaque para essa cor cl\u00e1ssica e apaixonante.A caneta gel Al l Rose tem ponta fina 0.5mm, e grip emborrachado, garantindo super confo rto na escrita. Disponivel em tr\u00eas tons de rosa.<\/p>\n<p>* Vendido Individualmente. Enviado de acordo com a disponibilidade em estoque *<\/p>\n","protected":false},"excerpt":{"rendered":"<p>O rosa nunca sai de moda! A partir de itens em tons rosados, a cole\u00e7\u00e3o A ll Ros\u00e9 d\u00e1 destaque&hellip;<\/p>\n","protected":false},"featured_media":335330,"comment_status":"open","ping_status":"closed","template":"","meta":[],"product_cat":[216,215],"product_tag":[],"_links":{"self":[{"href":"https:\/\/www.livrariarema.com.br\/loja\/wp-json\/wp\/v2\/product\/335331"}],"collection":[{"href":"https:\/\/www.livrariarema.com.br\/loja\/wp-json\/wp\/v2\/product"}],"about":[{"href":"https:\/\/www.livrariarema.com.br\/loja\/wp-json\/wp\/v2\/types\/product"}],"replies":[{"embeddable":true,"href":"https:\/\/www.livrariarema.com.br\/loja\/wp-json\/wp\/v2\/comments?post=335331"}],"wp:featuredmedia":[{"embeddable":true,"href":"https:\/\/www.livrariarema.com.br\/loja\/wp-json\/wp\/v2\/media\/335330"}],"wp:attachment":[{"href":"https:\/\/www.livrariarema.com.br\/loja\/wp-json\/wp\/v2\/media?parent=335331"}],"wp:term":[{"taxonomy":"product_cat","embeddable":true,"href":"https:\/\/www.livrariarema.com.br\/loja\/wp-json\/wp\/v2\/product_cat?post=335331"},{"taxonomy":"product_tag","embeddable":true,"href":"https:\/\/www.livrariarema.com.br\/loja\/wp-json\/wp\/v2\/product_tag?post=335331"}],"curies":[{"name":"wp","href":"https:\/\/api.w.org\/{rel}","templated":true}]}}