{"id":335481,"date":"2025-08-18T14:42:50","date_gmt":"2025-08-18T17:42:50","guid":{"rendered":"https:\/\/www.livrariarema.com.br\/loja\/produtos\/sem categoria\/cultura-woke-a-jader-cruz\/"},"modified":"2025-11-13T10:36:34","modified_gmt":"2025-11-13T13:36:34","slug":"cultura-woke-a-jader-cruz","status":"publish","type":"product","link":"https:\/\/www.livrariarema.com.br\/loja\/produtos\/livros\/lideranca\/cultura-woke-a-jader-cruz\/","title":{"rendered":"Cultura Woke, A &#8211; Jader Cruz"},"content":{"rendered":"<p>Uma an\u00e1lise fundamentada sobre a cultura `woke` e seu impacto na igreja. O autor oferece uma vis\u00e3o cr\u00edtica das din\u00e2micas complexas envolvidas, destacando os riscos para a forma\u00e7\u00e3o da identidade dos jovens e a percep\u00e7\u00e3o do mundo. Com base nas Escrituras, s\u00e3o apresentadas orienta\u00e7\u00f5es pr\u00e1ticas para l\u00edderes crist\u00e3os navegarem nesses desafi os, fortalecendo a f\u00e9 e a miss\u00e3o da igreja.<\/p>\n","protected":false},"excerpt":{"rendered":"<p>Uma an\u00e1lise fundamentada sobre a cultura `woke` e seu impacto na igreja. O autor oferece uma vis\u00e3o cr\u00edtica das din\u00e2micas&hellip;<\/p>\n","protected":false},"featured_media":341068,"comment_status":"open","ping_status":"closed","template":"","meta":[],"product_cat":[153,134],"product_tag":[],"_links":{"self":[{"href":"https:\/\/www.livrariarema.com.br\/loja\/wp-json\/wp\/v2\/product\/335481"}],"collection":[{"href":"https:\/\/www.livrariarema.com.br\/loja\/wp-json\/wp\/v2\/product"}],"about":[{"href":"https:\/\/www.livrariarema.com.br\/loja\/wp-json\/wp\/v2\/types\/product"}],"replies":[{"embeddable":true,"href":"https:\/\/www.livrariarema.com.br\/loja\/wp-json\/wp\/v2\/comments?post=335481"}],"wp:featuredmedia":[{"embeddable":true,"href":"https:\/\/www.livrariarema.com.br\/loja\/wp-json\/wp\/v2\/media\/341068"}],"wp:attachment":[{"href":"https:\/\/www.livrariarema.com.br\/loja\/wp-json\/wp\/v2\/media?parent=335481"}],"wp:term":[{"taxonomy":"product_cat","embeddable":true,"href":"https:\/\/www.livrariarema.com.br\/loja\/wp-json\/wp\/v2\/product_cat?post=335481"},{"taxonomy":"product_tag","embeddable":true,"href":"https:\/\/www.livrariarema.com.br\/loja\/wp-json\/wp\/v2\/product_tag?post=335481"}],"curies":[{"name":"wp","href":"https:\/\/api.w.org\/{rel}","templated":true}]}}