{"id":335488,"date":"2025-08-18T14:43:30","date_gmt":"2025-08-18T17:43:30","guid":{"rendered":"https:\/\/www.livrariarema.com.br\/loja\/produtos\/sem categoria\/educacao-crista-transformadora-dr-samuel-pagan\/"},"modified":"2026-04-14T14:51:15","modified_gmt":"2026-04-14T17:51:15","slug":"educacao-crista-transformadora-dr-samuel-pagan","status":"publish","type":"product","link":"https:\/\/www.livrariarema.com.br\/loja\/produtos\/livros\/educacao-crista\/educacao-crista-transformadora-dr-samuel-pagan\/","title":{"rendered":"Educa\u00e7\u00e3o Crist\u00e3 Transformadora &#8211; Dr. Samuel Pag\u00e1n"},"content":{"rendered":"<p>A sociedade p\u00f3s-moderna imp\u00f5e desafios in\u00e9ditos \u00e0s igrejas e aos crist\u00e3os. Em meio a crises sanit\u00e1rias, morais, sociais e tecnol\u00f3gicas, a Educa\u00e7\u00e3o Crist\u00e3 precisa ser mais do que uma transmiss\u00e3o de conhecimento &#8211; deve ser um instrumento de transforma\u00e7\u00e3o. Este livro apresenta uma abordagem inovadora para os programas educacionais crist\u00e3os, ajudando a traduzir os valores do Reino para a realidade contempor\u00e2nea.<\/p>\n","protected":false},"excerpt":{"rendered":"<p>A sociedade p\u00f3s-moderna imp\u00f5e desafios in\u00e9ditos \u00e0s igrejas e aos crist\u00e3os. Em meio a crises sanit\u00e1rias, morais, sociais e tecnol\u00f3gicas,&hellip;<\/p>\n","protected":false},"featured_media":341908,"comment_status":"open","ping_status":"closed","template":"","meta":[],"product_cat":[169,134],"product_tag":[],"_links":{"self":[{"href":"https:\/\/www.livrariarema.com.br\/loja\/wp-json\/wp\/v2\/product\/335488"}],"collection":[{"href":"https:\/\/www.livrariarema.com.br\/loja\/wp-json\/wp\/v2\/product"}],"about":[{"href":"https:\/\/www.livrariarema.com.br\/loja\/wp-json\/wp\/v2\/types\/product"}],"replies":[{"embeddable":true,"href":"https:\/\/www.livrariarema.com.br\/loja\/wp-json\/wp\/v2\/comments?post=335488"}],"wp:featuredmedia":[{"embeddable":true,"href":"https:\/\/www.livrariarema.com.br\/loja\/wp-json\/wp\/v2\/media\/341908"}],"wp:attachment":[{"href":"https:\/\/www.livrariarema.com.br\/loja\/wp-json\/wp\/v2\/media?parent=335488"}],"wp:term":[{"taxonomy":"product_cat","embeddable":true,"href":"https:\/\/www.livrariarema.com.br\/loja\/wp-json\/wp\/v2\/product_cat?post=335488"},{"taxonomy":"product_tag","embeddable":true,"href":"https:\/\/www.livrariarema.com.br\/loja\/wp-json\/wp\/v2\/product_tag?post=335488"}],"curies":[{"name":"wp","href":"https:\/\/api.w.org\/{rel}","templated":true}]}}